{"id":2143,"date":"2025-02-18T17:39:43","date_gmt":"2025-02-18T16:39:43","guid":{"rendered":"https:\/\/monumental-valois.com\/oeuvre-monumentale\/arc-large-uma-escultura-que-combina-luz-e-espaco\/"},"modified":"2026-03-02T15:42:37","modified_gmt":"2026-03-02T14:42:37","slug":"arc-large-uma-escultura-que-combina-luz-e-espaco","status":"publish","type":"oeuvre","link":"https:\/\/monumental-valois.com\/pt-br\/obra-monumental\/arc-large-uma-escultura-que-combina-luz-e-espaco\/","title":{"rendered":"Arc Large: uma escultura que combina luz e espa\u00e7o"},"content":{"rendered":"\n<div class=\"wp-block-columns alignwide is-style-espace-60-px is-layout-flex wp-container-core-columns-is-layout-28f84493 wp-block-columns-is-layout-flex\">\n<div class=\"wp-block-column is-layout-flow wp-block-column-is-layout-flow\" style=\"flex-basis:30%\"><div class=\"lazyblock-partager-la-page-Z1SDHFv wp-block-lazyblock-partager-la-page\"> <div class=\"partage-single\">\r\n                        <p>Compartilhe esta p\u00e1gina<\/p>\r\n                        <div class=\"liens\">\r\n                            <a href=\"http:\/\/twitter.com\/share?url=https%3A%2F%2Fmonumental-valois.com%2Fpt-br%2Fobra-monumental%2Farc-large-uma-escultura-que-combina-luz-e-espaco%2F\" class=\"share-x\" target=\"_blank\" rel=\"nofollow\" title=\"Compartilhar no X\"><\/a>\r\n                            <a href=\"http:\/\/www.facebook.com\/sharer.php?u=https%3A%2F%2Fmonumental-valois.com%2Fpt-br%2Fobra-monumental%2Farc-large-uma-escultura-que-combina-luz-e-espaco%2F&#038;t=Arc+Large%3A+uma+escultura+que+combina+luz+e+espa%C3%A7o&#038;src=sp\" class=\"share-facebook\" target=\"_blank\" rel=\"nofollow\" title=\"Compartilhar no Facebook\">\r\n\r\n                            <\/a>\r\n\r\n\r\n                        <\/div>\r\n                    <\/div><\/div><\/div>\n\n\n\n<div class=\"wp-block-column is-layout-flow wp-block-column-is-layout-flow\" style=\"flex-basis:70%\">\n<p class=\"has-28-px-font-size\">A escultura Grand Arc de Patrick Fleury, instalada no Donjon de Vez em 2001, explora a intera\u00e7\u00e3o entre formas vis\u00edveis e invis\u00edveis. Essa obra monumental divide o espa\u00e7o e cria um di\u00e1logo entre o interior e o exterior. <\/p>\n<\/div>\n<\/div>\n\n<div class=\"wp-block-group alignfull is-style-fond-blanc-gris\"><div class=\"wp-block-group__inner-container is-layout-constrained wp-block-group-is-layout-constrained\">\n<div class=\"wp-block-columns alignwide are-vertically-aligned-bottom is-style-espace-60-px is-layout-flex wp-container-core-columns-is-layout-28f84493 wp-block-columns-is-layout-flex\">\n<div class=\"wp-block-column is-vertically-aligned-bottom is-layout-flow wp-block-column-is-layout-flow\" style=\"flex-basis:30%\">\n<p class=\"is-style-sur-titre-page\">Arc Large: uma escultura que combina luz e espa\u00e7o<\/p>\n\n\n\n<h2 class=\"wp-block-heading has-36-px-font-size\"><strong>Uma forma entre a tradi\u00e7\u00e3o e a modernidade<\/strong><\/h2>\n\n\n\n<p>Feito de metal, a\u00e7o pintado e alum\u00ednio, o Grand Arc mede 510 cm de di\u00e2metro. Sua forma, inspirada em um rel\u00f3gio de sol, \u00e9 reinterpretada em uma curva fluida que parece dobrar a luz. <\/p>\n\n\n\n<h2 class=\"wp-block-heading has-36-px-font-size\"><strong>Um di\u00e1logo entre arte contempor\u00e2nea e arquitetura<\/strong><\/h2>\n\n\n\n<p>A escultura questiona as no\u00e7\u00f5es de visibilidade e invisibilidade, criando um espa\u00e7o po\u00e9tico onde as intera\u00e7\u00f5es e formas da luz assumem uma dimens\u00e3o simb\u00f3lica e nos convidam a questionar o espa\u00e7o ao nosso redor.<\/p>\n<\/div>\n\n\n\n<div class=\"wp-block-column is-vertically-aligned-bottom is-layout-flow wp-block-column-is-layout-flow\" style=\"flex-basis:70%\">\n<figure class=\"wp-block-image size-full\"><img loading=\"lazy\" decoding=\"async\" width=\"600\" height=\"800\" src=\"https:\/\/monumental-valois.com\/wp-content\/uploads\/2025\/02\/Arc-Large-patrick-fleury.jpg\" alt=\"Arc Large: uma escultura que combina luz e espa&#xE7;o\" class=\"wp-image-791\" srcset=\"https:\/\/monumental-valois.com\/wp-content\/uploads\/2025\/02\/Arc-Large-patrick-fleury.jpg 600w, https:\/\/monumental-valois.com\/wp-content\/uploads\/2025\/02\/Arc-Large-patrick-fleury-300x400.jpg 300w, https:\/\/monumental-valois.com\/wp-content\/uploads\/2025\/02\/Arc-Large-patrick-fleury-338x450.jpg 338w, https:\/\/monumental-valois.com\/wp-content\/uploads\/2025\/02\/Arc-Large-patrick-fleury-450x600.jpg 450w\" sizes=\"auto, (max-width: 600px) 100vw, 600px\" \/><\/figure>\n<\/div>\n<\/div>\n<\/div><\/div>\n\n<div style=\"height:50px\" aria-hidden=\"true\" class=\"wp-block-spacer\"><\/div>\n\n<div class=\"wp-block-cover alignwide\"><span aria-hidden=\"true\" class=\"wp-block-cover__background has-noir-background-color has-background-dim\"><\/span><img loading=\"lazy\" decoding=\"async\" width=\"665\" height=\"499\" class=\"wp-block-cover__image-background wp-image-441\" alt=\"Entrelacs Patrick Fleury\" src=\"https:\/\/monumental-valois.com\/wp-content\/uploads\/2025\/02\/Entrelacs-Patrick-Fleury.jpg\" style=\"object-position:47% 40%\" data-object-fit=\"cover\" data-object-position=\"47% 40%\" srcset=\"https:\/\/monumental-valois.com\/wp-content\/uploads\/2025\/02\/Entrelacs-Patrick-Fleury.jpg 665w, https:\/\/monumental-valois.com\/wp-content\/uploads\/2025\/02\/Entrelacs-Patrick-Fleury-533x400.jpg 533w, https:\/\/monumental-valois.com\/wp-content\/uploads\/2025\/02\/Entrelacs-Patrick-Fleury-450x338.jpg 450w\" sizes=\"auto, (max-width: 665px) 100vw, 665px\" \/><div class=\"wp-block-cover__inner-container is-layout-constrained wp-block-cover-is-layout-constrained\">\n<h3 class=\"wp-block-heading alignwide has-text-align-left has-64-px-font-size\">Visite a p\u00e1gina<br\/>dedicada ao artista<\/h3>\n\n\n\n<div class=\"wp-block-buttons alignwide is-layout-flex wp-block-buttons-is-layout-flex\">\n<div class=\"wp-block-button\"><a class=\"wp-block-button__link wp-element-button\" href=\"https:\/\/monumental-valois.com\/pt-br\/artista\/patrick-fleury\/\">Veja o artista<\/a><\/div>\n<\/div>\n<\/div><\/div>\n\n<p><\/p>\n","protected":false},"excerpt":{"rendered":"<p>A escultura Grand Arc de Patrick Fleury, instalada no Donjon de Vez em 2001, explora a intera\u00e7\u00e3o entre formas vis\u00edveis [&hellip;]<\/p>\n","protected":false},"featured_media":2144,"template":"","class_list":["post-2143","oeuvre","type-oeuvre","status-publish","has-post-thumbnail","hentry"],"_links":{"self":[{"href":"https:\/\/monumental-valois.com\/pt-br\/wp-json\/wp\/v2\/oeuvre\/2143","targetHints":{"allow":["GET"]}}],"collection":[{"href":"https:\/\/monumental-valois.com\/pt-br\/wp-json\/wp\/v2\/oeuvre"}],"about":[{"href":"https:\/\/monumental-valois.com\/pt-br\/wp-json\/wp\/v2\/types\/oeuvre"}],"wp:featuredmedia":[{"embeddable":true,"href":"https:\/\/monumental-valois.com\/pt-br\/wp-json\/wp\/v2\/media\/2144"}],"wp:attachment":[{"href":"https:\/\/monumental-valois.com\/pt-br\/wp-json\/wp\/v2\/media?parent=2143"}],"curies":[{"name":"wp","href":"https:\/\/api.w.org\/{rel}","templated":true}]}}

Arc Large: uma escultura que combina luz e espaço

<div class="wp-block-columns alignwide is-style-espace-60-px is-layout-flex wp-container-core-columns-is-layout-28f84493 wp-block-columns-is-layout-flex">
<div class="wp-block-column is-layout-flow wp-block-column-is-layout-flow" style="flex-basis:30%"><div class="lazyblock-partager-la-page-Z1SDHFv wp-block-lazyblock-partager-la-page"> <div class="partage-single">
                        <p>Compartilhe esta página</p>
                        <div class="liens">
                            <a href="http://twitter.com/share?url=https%3A%2F%2Fmonumental-valois.com%2Fpt-br%2Fobra-monumental%2Farc-large-uma-escultura-que-combina-luz-e-espaco%2F" class="share-x" target="_blank" rel="nofollow" title="Compartilhar no X"></a>
                            <a href="http://www.facebook.com/sharer.php?u=https%3A%2F%2Fmonumental-valois.com%2Fpt-br%2Fobra-monumental%2Farc-large-uma-escultura-que-combina-luz-e-espaco%2F&#038;t=Arc+Large%3A+uma+escultura+que+combina+luz+e+espa%C3%A7o&#038;src=sp" class="share-facebook" target="_blank" rel="nofollow" title="Compartilhar no Facebook">

                            </a>


                        </div>
                    </div></div></div>



<div class="wp-block-column is-layout-flow wp-block-column-is-layout-flow" style="flex-basis:70%">
<p class="has-28-px-font-size">A escultura Grand Arc de Patrick Fleury, instalada no Donjon de Vez em 2001, explora a interação entre formas visíveis e invisíveis. Essa obra monumental divide o espaço e cria um diálogo entre o interior e o exterior. </p>
</div>
</div>

<div class="wp-block-group alignfull is-style-fond-blanc-gris"><div class="wp-block-group__inner-container is-layout-constrained wp-block-group-is-layout-constrained">
<div class="wp-block-columns alignwide are-vertically-aligned-bottom is-style-espace-60-px is-layout-flex wp-container-core-columns-is-layout-28f84493 wp-block-columns-is-layout-flex">
<div class="wp-block-column is-vertically-aligned-bottom is-layout-flow wp-block-column-is-layout-flow" style="flex-basis:30%">
<p class="is-style-sur-titre-page">Arc Large: uma escultura que combina luz e espaço</p>



<h2 class="wp-block-heading has-36-px-font-size"><strong>Uma forma entre a tradição e a modernidade</strong></h2>



<p>Feito de metal, aço pintado e alumínio, o Grand Arc mede 510 cm de diâmetro. Sua forma, inspirada em um relógio de sol, é reinterpretada em uma curva fluida que parece dobrar a luz. </p>



<h2 class="wp-block-heading has-36-px-font-size"><strong>Um diálogo entre arte contemporânea e arquitetura</strong></h2>



<p>A escultura questiona as noções de visibilidade e invisibilidade, criando um espaço poético onde as interações e formas da luz assumem uma dimensão simbólica e nos convidam a questionar o espaço ao nosso redor.</p>
</div>



<div class="wp-block-column is-vertically-aligned-bottom is-layout-flow wp-block-column-is-layout-flow" style="flex-basis:70%">
<figure class="wp-block-image size-full"><img loading="lazy" decoding="async" width="600" height="800" src="https://monumental-valois.com/wp-content/uploads/2025/02/Arc-Large-patrick-fleury.jpg" alt="Arc Large: uma escultura que combina luz e espa&#xE7;o" class="wp-image-791" srcset="https://monumental-valois.com/wp-content/uploads/2025/02/Arc-Large-patrick-fleury.jpg 600w, https://monumental-valois.com/wp-content/uploads/2025/02/Arc-Large-patrick-fleury-300x400.jpg 300w, https://monumental-valois.com/wp-content/uploads/2025/02/Arc-Large-patrick-fleury-338x450.jpg 338w, https://monumental-valois.com/wp-content/uploads/2025/02/Arc-Large-patrick-fleury-450x600.jpg 450w" sizes="auto, (max-width: 600px) 100vw, 600px" /></figure>
</div>
</div>
</div></div>

<div style="height:50px" aria-hidden="true" class="wp-block-spacer"></div>

<div class="wp-block-cover alignwide"><span aria-hidden="true" class="wp-block-cover__background has-noir-background-color has-background-dim"></span><img loading="lazy" decoding="async" width="665" height="499" class="wp-block-cover__image-background wp-image-441" alt="Entrelacs Patrick Fleury" src="https://monumental-valois.com/wp-content/uploads/2025/02/Entrelacs-Patrick-Fleury.jpg" style="object-position:47% 40%" data-object-fit="cover" data-object-position="47% 40%" srcset="https://monumental-valois.com/wp-content/uploads/2025/02/Entrelacs-Patrick-Fleury.jpg 665w, https://monumental-valois.com/wp-content/uploads/2025/02/Entrelacs-Patrick-Fleury-533x400.jpg 533w, https://monumental-valois.com/wp-content/uploads/2025/02/Entrelacs-Patrick-Fleury-450x338.jpg 450w" sizes="auto, (max-width: 665px) 100vw, 665px" /><div class="wp-block-cover__inner-container is-layout-constrained wp-block-cover-is-layout-constrained">
<h3 class="wp-block-heading alignwide has-text-align-left has-64-px-font-size">Visite a página<br/>dedicada ao artista</h3>



<div class="wp-block-buttons alignwide is-layout-flex wp-block-buttons-is-layout-flex">
<div class="wp-block-button"><a class="wp-block-button__link wp-element-button" href="https://monumental-valois.com/pt-br/artista/patrick-fleury/">Veja o artista</a></div>
</div>
</div></div>

<p></p>

<p>A escultura Grand Arc de Patrick Fleury, instalada no Donjon de Vez em 2001, explora a interação entre formas visíveis [&hellip;]</p>
