{"id":2156,"date":"2025-02-19T17:45:21","date_gmt":"2025-02-19T16:45:21","guid":{"rendered":"https:\/\/monumental-valois.com\/oeuvre-monumentale\/la-savonnette-uma-ode-a-simplicidade-do-nu\/"},"modified":"2026-03-02T15:57:58","modified_gmt":"2026-03-02T14:57:58","slug":"la-savonnette-uma-ode-a-simplicidade-do-nu","status":"publish","type":"oeuvre","link":"https:\/\/monumental-valois.com\/pt-br\/obra-monumental\/la-savonnette-uma-ode-a-simplicidade-do-nu\/","title":{"rendered":"La Savonnette: uma ode \u00e0 simplicidade do nu"},"content":{"rendered":"\n<div class=\"wp-block-columns alignwide is-style-espace-60-px is-layout-flex wp-container-core-columns-is-layout-28f84493 wp-block-columns-is-layout-flex\">\n<div class=\"wp-block-column is-layout-flow wp-block-column-is-layout-flow\" style=\"flex-basis:30%\"><div class=\"lazyblock-partager-la-page-Z1SDHFv wp-block-lazyblock-partager-la-page\"> <div class=\"partage-single\">\r\n                        <p>Compartilhe esta p\u00e1gina<\/p>\r\n                        <div class=\"liens\">\r\n                            <a href=\"http:\/\/twitter.com\/share?url=https%3A%2F%2Fmonumental-valois.com%2Fpt-br%2Fobra-monumental%2Fla-savonnette-uma-ode-a-simplicidade-do-nu%2F\" class=\"share-x\" target=\"_blank\" rel=\"nofollow\" title=\"Compartilhar no X\"><\/a>\r\n                            <a href=\"http:\/\/www.facebook.com\/sharer.php?u=https%3A%2F%2Fmonumental-valois.com%2Fpt-br%2Fobra-monumental%2Fla-savonnette-uma-ode-a-simplicidade-do-nu%2F&#038;t=La+Savonnette%3A+uma+ode+%C3%A0+simplicidade+do+nu&#038;src=sp\" class=\"share-facebook\" target=\"_blank\" rel=\"nofollow\" title=\"Compartilhar no Facebook\">\r\n\r\n                            <\/a>\r\n\r\n\r\n                        <\/div>\r\n                    <\/div><\/div><\/div>\n\n\n\n<div class=\"wp-block-column is-layout-flow wp-block-column-is-layout-flow\" style=\"flex-basis:70%\">\n<p class=\"has-28-px-font-size\">La Savonnette \u00e9 uma escultura de bronze criada em 1994 pelo escultor franc\u00eas Robert Couturier e exibida no excepcional cen\u00e1rio do Donjon de Vez. Essa obra-prima incorpora a abordagem refinada e atemporal do artista, famoso por suas formas cheias e generosas. <\/p>\n<\/div>\n<\/div>\n\n<div class=\"wp-block-group alignfull is-style-fond-blanc-gris\"><div class=\"wp-block-group__inner-container is-layout-constrained wp-block-group-is-layout-constrained\">\n<div class=\"wp-block-columns alignwide are-vertically-aligned-bottom is-style-espace-60-px is-layout-flex wp-container-core-columns-is-layout-28f84493 wp-block-columns-is-layout-flex\">\n<div class=\"wp-block-column is-vertically-aligned-bottom is-layout-flow wp-block-column-is-layout-flow\" style=\"flex-basis:30%\">\n<p class=\"is-style-sur-titre-page\">La Savonnette: uma ode \u00e0 simplicidade do nu<\/p>\n\n\n\n<h2 class=\"wp-block-heading has-36-px-font-size\"><strong>O legado de Aristide Maillol<\/strong><\/h2>\n\n\n\n<p>Ex-aluno de Aristide Maillol, Couturier foi influenciado pelo classicismo de seu mestre, enquanto desenvolvia uma est\u00e9tica que privilegiava a sugest\u00e3o em detrimento da representa\u00e7\u00e3o fiel. Com La Savonnette, ele se afastou da modelagem tradicional para se concentrar em linhas e contornos fluidos, exaltando a simplicidade e a harmonia do corpo humano. <\/p>\n\n\n\n<h2 class=\"wp-block-heading has-36-px-font-size\"><strong>Uma busca pela ess\u00eancia ap\u00f3s a guerra<\/strong><\/h2>\n\n\n\n<p>Ap\u00f3s o trauma da Segunda Guerra Mundial, Couturier adotou uma linguagem escultural mais despojada, buscando capturar a ess\u00eancia em vez dos detalhes. La Savonnette, com sua forma suave e equil\u00edbrio, \u00e9 uma ilustra\u00e7\u00e3o perfeita dessa busca pela simplicidade e sugest\u00e3o, oferecendo uma reinterpreta\u00e7\u00e3o moderna do nu cl\u00e1ssico. <\/p>\n<\/div>\n\n\n\n<div class=\"wp-block-column is-vertically-aligned-bottom is-layout-flow wp-block-column-is-layout-flow\" style=\"flex-basis:70%\">\n<figure class=\"wp-block-image size-large\"><img loading=\"lazy\" decoding=\"async\" width=\"600\" height=\"900\" src=\"https:\/\/monumental-valois.com\/wp-content\/uploads\/2025\/02\/La-Savonette-robert-couturier-600x900.jpg\" alt=\"La Savonnette: uma ode &#xE0; simplicidade do nu\" class=\"wp-image-772\" srcset=\"https:\/\/monumental-valois.com\/wp-content\/uploads\/2025\/02\/La-Savonette-robert-couturier-600x900.jpg 600w, https:\/\/monumental-valois.com\/wp-content\/uploads\/2025\/02\/La-Savonette-robert-couturier-267x400.jpg 267w, https:\/\/monumental-valois.com\/wp-content\/uploads\/2025\/02\/La-Savonette-robert-couturier-768x1152.jpg 768w, https:\/\/monumental-valois.com\/wp-content\/uploads\/2025\/02\/La-Savonette-robert-couturier-300x450.jpg 300w, https:\/\/monumental-valois.com\/wp-content\/uploads\/2025\/02\/La-Savonette-robert-couturier-400x600.jpg 400w, https:\/\/monumental-valois.com\/wp-content\/uploads\/2025\/02\/La-Savonette-robert-couturier.jpg 800w\" sizes=\"auto, (max-width: 600px) 100vw, 600px\" \/><\/figure>\n<\/div>\n<\/div>\n<\/div><\/div>\n\n<div style=\"height:50px\" aria-hidden=\"true\" class=\"wp-block-spacer\"><\/div>\n\n<div class=\"wp-block-cover alignwide\"><span aria-hidden=\"true\" class=\"wp-block-cover__background has-noir-background-color has-background-dim\"><\/span><img loading=\"lazy\" decoding=\"async\" width=\"1000\" height=\"615\" class=\"wp-block-cover__image-background wp-image-353\" alt=\"\" src=\"https:\/\/monumental-valois.com\/wp-content\/uploads\/2025\/02\/couturier-ok-\u00a9Galerie-Dina-Vierny.jpg\" style=\"object-position:55% 33%\" data-object-fit=\"cover\" data-object-position=\"55% 33%\" srcset=\"https:\/\/monumental-valois.com\/wp-content\/uploads\/2025\/02\/couturier-ok-\u00a9Galerie-Dina-Vierny.jpg 1000w, https:\/\/monumental-valois.com\/wp-content\/uploads\/2025\/02\/couturier-ok-\u00a9Galerie-Dina-Vierny-650x400.jpg 650w, https:\/\/monumental-valois.com\/wp-content\/uploads\/2025\/02\/couturier-ok-\u00a9Galerie-Dina-Vierny-768x472.jpg 768w, https:\/\/monumental-valois.com\/wp-content\/uploads\/2025\/02\/couturier-ok-\u00a9Galerie-Dina-Vierny-450x277.jpg 450w, https:\/\/monumental-valois.com\/wp-content\/uploads\/2025\/02\/couturier-ok-\u00a9Galerie-Dina-Vierny-976x600.jpg 976w\" sizes=\"auto, (max-width: 1000px) 100vw, 1000px\" \/><div class=\"wp-block-cover__inner-container is-layout-constrained wp-block-cover-is-layout-constrained\">\n<h3 class=\"wp-block-heading alignwide has-text-align-left has-64-px-font-size\">Visite a p\u00e1gina<br\/>dedicada ao artista<\/h3>\n\n\n\n<div class=\"wp-block-buttons alignwide is-layout-flex wp-block-buttons-is-layout-flex\">\n<div class=\"wp-block-button\"><a class=\"wp-block-button__link wp-element-button\" href=\"https:\/\/monumental-valois.com\/pt-br\/artista\/robert-couturier\/\">Veja o artista<\/a><\/div>\n<\/div>\n<\/div><\/div>\n\n<p><\/p>\n","protected":false},"excerpt":{"rendered":"<p>La Savonnette \u00e9 uma escultura de bronze criada em 1994 pelo escultor franc\u00eas Robert Couturier e exibida no excepcional cen\u00e1rio [&hellip;]<\/p>\n","protected":false},"featured_media":2157,"template":"","class_list":["post-2156","oeuvre","type-oeuvre","status-publish","has-post-thumbnail","hentry"],"_links":{"self":[{"href":"https:\/\/monumental-valois.com\/pt-br\/wp-json\/wp\/v2\/oeuvre\/2156","targetHints":{"allow":["GET"]}}],"collection":[{"href":"https:\/\/monumental-valois.com\/pt-br\/wp-json\/wp\/v2\/oeuvre"}],"about":[{"href":"https:\/\/monumental-valois.com\/pt-br\/wp-json\/wp\/v2\/types\/oeuvre"}],"wp:featuredmedia":[{"embeddable":true,"href":"https:\/\/monumental-valois.com\/pt-br\/wp-json\/wp\/v2\/media\/2157"}],"wp:attachment":[{"href":"https:\/\/monumental-valois.com\/pt-br\/wp-json\/wp\/v2\/media?parent=2156"}],"curies":[{"name":"wp","href":"https:\/\/api.w.org\/{rel}","templated":true}]}}

La Savonnette: uma ode à simplicidade do nu

<div class="wp-block-columns alignwide is-style-espace-60-px is-layout-flex wp-container-core-columns-is-layout-28f84493 wp-block-columns-is-layout-flex">
<div class="wp-block-column is-layout-flow wp-block-column-is-layout-flow" style="flex-basis:30%"><div class="lazyblock-partager-la-page-Z1SDHFv wp-block-lazyblock-partager-la-page"> <div class="partage-single">
                        <p>Compartilhe esta página</p>
                        <div class="liens">
                            <a href="http://twitter.com/share?url=https%3A%2F%2Fmonumental-valois.com%2Fpt-br%2Fobra-monumental%2Fla-savonnette-uma-ode-a-simplicidade-do-nu%2F" class="share-x" target="_blank" rel="nofollow" title="Compartilhar no X"></a>
                            <a href="http://www.facebook.com/sharer.php?u=https%3A%2F%2Fmonumental-valois.com%2Fpt-br%2Fobra-monumental%2Fla-savonnette-uma-ode-a-simplicidade-do-nu%2F&#038;t=La+Savonnette%3A+uma+ode+%C3%A0+simplicidade+do+nu&#038;src=sp" class="share-facebook" target="_blank" rel="nofollow" title="Compartilhar no Facebook">

                            </a>


                        </div>
                    </div></div></div>



<div class="wp-block-column is-layout-flow wp-block-column-is-layout-flow" style="flex-basis:70%">
<p class="has-28-px-font-size">La Savonnette é uma escultura de bronze criada em 1994 pelo escultor francês Robert Couturier e exibida no excepcional cenário do Donjon de Vez. Essa obra-prima incorpora a abordagem refinada e atemporal do artista, famoso por suas formas cheias e generosas. </p>
</div>
</div>

<div class="wp-block-group alignfull is-style-fond-blanc-gris"><div class="wp-block-group__inner-container is-layout-constrained wp-block-group-is-layout-constrained">
<div class="wp-block-columns alignwide are-vertically-aligned-bottom is-style-espace-60-px is-layout-flex wp-container-core-columns-is-layout-28f84493 wp-block-columns-is-layout-flex">
<div class="wp-block-column is-vertically-aligned-bottom is-layout-flow wp-block-column-is-layout-flow" style="flex-basis:30%">
<p class="is-style-sur-titre-page">La Savonnette: uma ode à simplicidade do nu</p>



<h2 class="wp-block-heading has-36-px-font-size"><strong>O legado de Aristide Maillol</strong></h2>



<p>Ex-aluno de Aristide Maillol, Couturier foi influenciado pelo classicismo de seu mestre, enquanto desenvolvia uma estética que privilegiava a sugestão em detrimento da representação fiel. Com La Savonnette, ele se afastou da modelagem tradicional para se concentrar em linhas e contornos fluidos, exaltando a simplicidade e a harmonia do corpo humano. </p>



<h2 class="wp-block-heading has-36-px-font-size"><strong>Uma busca pela essência após a guerra</strong></h2>



<p>Após o trauma da Segunda Guerra Mundial, Couturier adotou uma linguagem escultural mais despojada, buscando capturar a essência em vez dos detalhes. La Savonnette, com sua forma suave e equilíbrio, é uma ilustração perfeita dessa busca pela simplicidade e sugestão, oferecendo uma reinterpretação moderna do nu clássico. </p>
</div>



<div class="wp-block-column is-vertically-aligned-bottom is-layout-flow wp-block-column-is-layout-flow" style="flex-basis:70%">
<figure class="wp-block-image size-large"><img loading="lazy" decoding="async" width="600" height="900" src="https://monumental-valois.com/wp-content/uploads/2025/02/La-Savonette-robert-couturier-600x900.jpg" alt="La Savonnette: uma ode &#xE0; simplicidade do nu" class="wp-image-772" srcset="https://monumental-valois.com/wp-content/uploads/2025/02/La-Savonette-robert-couturier-600x900.jpg 600w, https://monumental-valois.com/wp-content/uploads/2025/02/La-Savonette-robert-couturier-267x400.jpg 267w, https://monumental-valois.com/wp-content/uploads/2025/02/La-Savonette-robert-couturier-768x1152.jpg 768w, https://monumental-valois.com/wp-content/uploads/2025/02/La-Savonette-robert-couturier-300x450.jpg 300w, https://monumental-valois.com/wp-content/uploads/2025/02/La-Savonette-robert-couturier-400x600.jpg 400w, https://monumental-valois.com/wp-content/uploads/2025/02/La-Savonette-robert-couturier.jpg 800w" sizes="auto, (max-width: 600px) 100vw, 600px" /></figure>
</div>
</div>
</div></div>

<div style="height:50px" aria-hidden="true" class="wp-block-spacer"></div>

<div class="wp-block-cover alignwide"><span aria-hidden="true" class="wp-block-cover__background has-noir-background-color has-background-dim"></span><img loading="lazy" decoding="async" width="1000" height="615" class="wp-block-cover__image-background wp-image-353" alt="" src="https://monumental-valois.com/wp-content/uploads/2025/02/couturier-ok-©Galerie-Dina-Vierny.jpg" style="object-position:55% 33%" data-object-fit="cover" data-object-position="55% 33%" srcset="https://monumental-valois.com/wp-content/uploads/2025/02/couturier-ok-©Galerie-Dina-Vierny.jpg 1000w, https://monumental-valois.com/wp-content/uploads/2025/02/couturier-ok-©Galerie-Dina-Vierny-650x400.jpg 650w, https://monumental-valois.com/wp-content/uploads/2025/02/couturier-ok-©Galerie-Dina-Vierny-768x472.jpg 768w, https://monumental-valois.com/wp-content/uploads/2025/02/couturier-ok-©Galerie-Dina-Vierny-450x277.jpg 450w, https://monumental-valois.com/wp-content/uploads/2025/02/couturier-ok-©Galerie-Dina-Vierny-976x600.jpg 976w" sizes="auto, (max-width: 1000px) 100vw, 1000px" /><div class="wp-block-cover__inner-container is-layout-constrained wp-block-cover-is-layout-constrained">
<h3 class="wp-block-heading alignwide has-text-align-left has-64-px-font-size">Visite a página<br/>dedicada ao artista</h3>



<div class="wp-block-buttons alignwide is-layout-flex wp-block-buttons-is-layout-flex">
<div class="wp-block-button"><a class="wp-block-button__link wp-element-button" href="https://monumental-valois.com/pt-br/artista/robert-couturier/">Veja o artista</a></div>
</div>
</div></div>

<p></p>

<p>La Savonnette é uma escultura de bronze criada em 1994 pelo escultor francês Robert Couturier e exibida no excepcional cenário [&hellip;]</p>
