{"id":2176,"date":"2025-02-19T09:52:48","date_gmt":"2025-02-19T08:52:48","guid":{"rendered":"https:\/\/monumental-valois.com\/oeuvre-monumentale\/9-linhas-obliquas-o-impulso-monumental-de-bernar-venet\/"},"modified":"2026-03-02T16:18:37","modified_gmt":"2026-03-02T15:18:37","slug":"9-linhas-obliquas-o-impulso-monumental-de-bernar-venet","status":"publish","type":"oeuvre","link":"https:\/\/monumental-valois.com\/pt-br\/obra-monumental\/9-linhas-obliquas-o-impulso-monumental-de-bernar-venet\/","title":{"rendered":"9 linhas obl\u00edquas: o impulso monumental de Bernar Venet"},"content":{"rendered":"\n<div class=\"wp-block-columns alignwide is-style-espace-60-px is-layout-flex wp-container-core-columns-is-layout-28f84493 wp-block-columns-is-layout-flex\">\n<div class=\"wp-block-column is-layout-flow wp-block-column-is-layout-flow\" style=\"flex-basis:30%\"><div class=\"lazyblock-partager-la-page-Z1SDHFv wp-block-lazyblock-partager-la-page\"> <div class=\"partage-single\">\r\n                        <p>Compartilhe esta p\u00e1gina<\/p>\r\n                        <div class=\"liens\">\r\n                            <a href=\"http:\/\/twitter.com\/share?url=https%3A%2F%2Fmonumental-valois.com%2Fpt-br%2Fobra-monumental%2F9-linhas-obliquas-o-impulso-monumental-de-bernar-venet%2F\" class=\"share-x\" target=\"_blank\" rel=\"nofollow\" title=\"Compartilhar no X\"><\/a>\r\n                            <a href=\"http:\/\/www.facebook.com\/sharer.php?u=https%3A%2F%2Fmonumental-valois.com%2Fpt-br%2Fobra-monumental%2F9-linhas-obliquas-o-impulso-monumental-de-bernar-venet%2F&#038;t=9+linhas+obl%C3%ADquas%3A+o+impulso+monumental+de+Bernar+Venet&#038;src=sp\" class=\"share-facebook\" target=\"_blank\" rel=\"nofollow\" title=\"Compartilhar no Facebook\">\r\n\r\n                            <\/a>\r\n\r\n\r\n                        <\/div>\r\n                    <\/div><\/div><\/div>\n\n\n\n<div class=\"wp-block-column is-layout-flow wp-block-column-is-layout-flow\" style=\"flex-basis:70%\">\n<p class=\"has-28-px-font-size\">Criada em 2010 por Bernar Venet, essa escultura monumental \u00e9 composta por nove vigas inclinadas de a\u00e7o Corten que convergem em um ponto no topo. Ela tem 30 metros de altura e pesa 75 toneladas, impondo sua presen\u00e7a na paisagem do Donjon de Vez. <\/p>\n<\/div>\n<\/div>\n\n<div class=\"wp-block-group alignfull is-style-fond-blanc-gris\"><div class=\"wp-block-group__inner-container is-layout-constrained wp-block-group-is-layout-constrained\">\n<div class=\"wp-block-columns alignwide are-vertically-aligned-bottom is-style-espace-60-px is-layout-flex wp-container-core-columns-is-layout-28f84493 wp-block-columns-is-layout-flex\">\n<div class=\"wp-block-column is-vertically-aligned-bottom is-layout-flow wp-block-column-is-layout-flow\" style=\"flex-basis:30%\">\n<p class=\"is-style-sur-titre-page\">9 linhas obl\u00edquas: o impulso monumental de Bernar Venet<\/p>\n\n\n\n<h2 class=\"wp-block-heading has-36-px-font-size\"><strong>Uma busca pela harmonia entre modernidade e patrim\u00f4nio<\/strong><\/h2>\n\n\n\n<p>Instalada no p\u00e1tio, a obra combina harmoniosamente com o Donjon, com seus tons de ferrugem contrastando com as pedras antigas. A obra parece estender a verticalidade das torres, levando o olhar at\u00e9 o c\u00e9u. Esse di\u00e1logo visual entre o passado e o presente refor\u00e7a a atemporalidade da instala\u00e7\u00e3o.  <\/p>\n\n\n\n<h2 class=\"wp-block-heading has-36-px-font-size\"><strong>Bernar Venet, um mestre de linhas monumentais<\/strong><\/h2>\n\n\n\n<p>Um importante artista conceitual, Bernar Venet explora a pureza das linhas geom\u00e9tricas em suas esculturas monumentais de a\u00e7o. 9 lignes obliques ilustra sua pesquisa est\u00e9tica, livre de simbolismo e refer\u00eancias culturais, oferecendo uma interpreta\u00e7\u00e3o pessoal de movimento e impulso. <\/p>\n<\/div>\n\n\n\n<div class=\"wp-block-column is-vertically-aligned-bottom is-layout-flow wp-block-column-is-layout-flow\" style=\"flex-basis:70%\">\n<figure class=\"wp-block-image size-large\"><img loading=\"lazy\" decoding=\"async\" width=\"599\" height=\"900\" src=\"https:\/\/monumental-valois.com\/wp-content\/uploads\/2025\/02\/Obliques-photo-2-bernar-venet-599x900.jpg\" alt=\"9 linhas obl&#xED;quas: o impulso monumental de Bernar Venet\" class=\"wp-image-783\" srcset=\"https:\/\/monumental-valois.com\/wp-content\/uploads\/2025\/02\/Obliques-photo-2-bernar-venet-599x900.jpg 599w, https:\/\/monumental-valois.com\/wp-content\/uploads\/2025\/02\/Obliques-photo-2-bernar-venet-266x400.jpg 266w, https:\/\/monumental-valois.com\/wp-content\/uploads\/2025\/02\/Obliques-photo-2-bernar-venet-768x1154.jpg 768w, https:\/\/monumental-valois.com\/wp-content\/uploads\/2025\/02\/Obliques-photo-2-bernar-venet-300x450.jpg 300w, https:\/\/monumental-valois.com\/wp-content\/uploads\/2025\/02\/Obliques-photo-2-bernar-venet-399x600.jpg 399w, https:\/\/monumental-valois.com\/wp-content\/uploads\/2025\/02\/Obliques-photo-2-bernar-venet.jpg 800w\" sizes=\"auto, (max-width: 599px) 100vw, 599px\" \/><\/figure>\n<\/div>\n<\/div>\n<\/div><\/div>\n\n<div style=\"height:50px\" aria-hidden=\"true\" class=\"wp-block-spacer\"><\/div>\n\n<div class=\"wp-block-cover alignwide\"><span aria-hidden=\"true\" class=\"wp-block-cover__background has-noir-background-color has-background-dim\"><\/span><img loading=\"lazy\" decoding=\"async\" width=\"1260\" height=\"945\" class=\"wp-block-cover__image-background wp-image-344\" alt=\"\u00a9Florian-CHAMBON\" src=\"https:\/\/monumental-valois.com\/wp-content\/uploads\/2025\/02\/Bernar-Venet.jpg\" style=\"object-position:65% 0%\" data-object-fit=\"cover\" data-object-position=\"65% 0%\" srcset=\"https:\/\/monumental-valois.com\/wp-content\/uploads\/2025\/02\/Bernar-Venet.jpg 1260w, https:\/\/monumental-valois.com\/wp-content\/uploads\/2025\/02\/Bernar-Venet-533x400.jpg 533w, https:\/\/monumental-valois.com\/wp-content\/uploads\/2025\/02\/Bernar-Venet-1200x900.jpg 1200w, https:\/\/monumental-valois.com\/wp-content\/uploads\/2025\/02\/Bernar-Venet-768x576.jpg 768w, https:\/\/monumental-valois.com\/wp-content\/uploads\/2025\/02\/Bernar-Venet-450x338.jpg 450w, https:\/\/monumental-valois.com\/wp-content\/uploads\/2025\/02\/Bernar-Venet-800x600.jpg 800w\" sizes=\"auto, (max-width: 1260px) 100vw, 1260px\" \/><div class=\"wp-block-cover__inner-container is-layout-constrained wp-block-cover-is-layout-constrained\">\n<h3 class=\"wp-block-heading alignwide has-text-align-right has-64-px-font-size\">Visite a p\u00e1gina<br\/>dedicada ao artista<\/h3>\n\n\n\n<div class=\"wp-block-buttons alignwide is-content-justification-right is-layout-flex wp-container-core-buttons-is-layout-d445cf74 wp-block-buttons-is-layout-flex\">\n<div class=\"wp-block-button\"><a class=\"wp-block-button__link has-text-align-right wp-element-button\" href=\"https:\/\/monumental-valois.com\/pt-br\/artista\/bernar-venet\/\">Veja o artista<\/a><\/div>\n<\/div>\n<\/div><\/div>\n\n<p><\/p>\n","protected":false},"excerpt":{"rendered":"<p>Criada em 2010 por Bernar Venet, essa escultura monumental \u00e9 composta por nove vigas inclinadas de a\u00e7o Corten que convergem [&hellip;]<\/p>\n","protected":false},"featured_media":2177,"template":"","class_list":["post-2176","oeuvre","type-oeuvre","status-publish","has-post-thumbnail","hentry"],"_links":{"self":[{"href":"https:\/\/monumental-valois.com\/pt-br\/wp-json\/wp\/v2\/oeuvre\/2176","targetHints":{"allow":["GET"]}}],"collection":[{"href":"https:\/\/monumental-valois.com\/pt-br\/wp-json\/wp\/v2\/oeuvre"}],"about":[{"href":"https:\/\/monumental-valois.com\/pt-br\/wp-json\/wp\/v2\/types\/oeuvre"}],"wp:featuredmedia":[{"embeddable":true,"href":"https:\/\/monumental-valois.com\/pt-br\/wp-json\/wp\/v2\/media\/2177"}],"wp:attachment":[{"href":"https:\/\/monumental-valois.com\/pt-br\/wp-json\/wp\/v2\/media?parent=2176"}],"curies":[{"name":"wp","href":"https:\/\/api.w.org\/{rel}","templated":true}]}}

9 linhas oblíquas: o impulso monumental de Bernar Venet

<div class="wp-block-columns alignwide is-style-espace-60-px is-layout-flex wp-container-core-columns-is-layout-28f84493 wp-block-columns-is-layout-flex">
<div class="wp-block-column is-layout-flow wp-block-column-is-layout-flow" style="flex-basis:30%"><div class="lazyblock-partager-la-page-Z1SDHFv wp-block-lazyblock-partager-la-page"> <div class="partage-single">
                        <p>Compartilhe esta página</p>
                        <div class="liens">
                            <a href="http://twitter.com/share?url=https%3A%2F%2Fmonumental-valois.com%2Fpt-br%2Fobra-monumental%2F9-linhas-obliquas-o-impulso-monumental-de-bernar-venet%2F" class="share-x" target="_blank" rel="nofollow" title="Compartilhar no X"></a>
                            <a href="http://www.facebook.com/sharer.php?u=https%3A%2F%2Fmonumental-valois.com%2Fpt-br%2Fobra-monumental%2F9-linhas-obliquas-o-impulso-monumental-de-bernar-venet%2F&#038;t=9+linhas+obl%C3%ADquas%3A+o+impulso+monumental+de+Bernar+Venet&#038;src=sp" class="share-facebook" target="_blank" rel="nofollow" title="Compartilhar no Facebook">

                            </a>


                        </div>
                    </div></div></div>



<div class="wp-block-column is-layout-flow wp-block-column-is-layout-flow" style="flex-basis:70%">
<p class="has-28-px-font-size">Criada em 2010 por Bernar Venet, essa escultura monumental é composta por nove vigas inclinadas de aço Corten que convergem em um ponto no topo. Ela tem 30 metros de altura e pesa 75 toneladas, impondo sua presença na paisagem do Donjon de Vez. </p>
</div>
</div>

<div class="wp-block-group alignfull is-style-fond-blanc-gris"><div class="wp-block-group__inner-container is-layout-constrained wp-block-group-is-layout-constrained">
<div class="wp-block-columns alignwide are-vertically-aligned-bottom is-style-espace-60-px is-layout-flex wp-container-core-columns-is-layout-28f84493 wp-block-columns-is-layout-flex">
<div class="wp-block-column is-vertically-aligned-bottom is-layout-flow wp-block-column-is-layout-flow" style="flex-basis:30%">
<p class="is-style-sur-titre-page">9 linhas oblíquas: o impulso monumental de Bernar Venet</p>



<h2 class="wp-block-heading has-36-px-font-size"><strong>Uma busca pela harmonia entre modernidade e patrimônio</strong></h2>



<p>Instalada no pátio, a obra combina harmoniosamente com o Donjon, com seus tons de ferrugem contrastando com as pedras antigas. A obra parece estender a verticalidade das torres, levando o olhar até o céu. Esse diálogo visual entre o passado e o presente reforça a atemporalidade da instalação.  </p>



<h2 class="wp-block-heading has-36-px-font-size"><strong>Bernar Venet, um mestre de linhas monumentais</strong></h2>



<p>Um importante artista conceitual, Bernar Venet explora a pureza das linhas geométricas em suas esculturas monumentais de aço. 9 lignes obliques ilustra sua pesquisa estética, livre de simbolismo e referências culturais, oferecendo uma interpretação pessoal de movimento e impulso. </p>
</div>



<div class="wp-block-column is-vertically-aligned-bottom is-layout-flow wp-block-column-is-layout-flow" style="flex-basis:70%">
<figure class="wp-block-image size-large"><img loading="lazy" decoding="async" width="599" height="900" src="https://monumental-valois.com/wp-content/uploads/2025/02/Obliques-photo-2-bernar-venet-599x900.jpg" alt="9 linhas obl&#xED;quas: o impulso monumental de Bernar Venet" class="wp-image-783" srcset="https://monumental-valois.com/wp-content/uploads/2025/02/Obliques-photo-2-bernar-venet-599x900.jpg 599w, https://monumental-valois.com/wp-content/uploads/2025/02/Obliques-photo-2-bernar-venet-266x400.jpg 266w, https://monumental-valois.com/wp-content/uploads/2025/02/Obliques-photo-2-bernar-venet-768x1154.jpg 768w, https://monumental-valois.com/wp-content/uploads/2025/02/Obliques-photo-2-bernar-venet-300x450.jpg 300w, https://monumental-valois.com/wp-content/uploads/2025/02/Obliques-photo-2-bernar-venet-399x600.jpg 399w, https://monumental-valois.com/wp-content/uploads/2025/02/Obliques-photo-2-bernar-venet.jpg 800w" sizes="auto, (max-width: 599px) 100vw, 599px" /></figure>
</div>
</div>
</div></div>

<div style="height:50px" aria-hidden="true" class="wp-block-spacer"></div>

<div class="wp-block-cover alignwide"><span aria-hidden="true" class="wp-block-cover__background has-noir-background-color has-background-dim"></span><img loading="lazy" decoding="async" width="1260" height="945" class="wp-block-cover__image-background wp-image-344" alt="©Florian-CHAMBON" src="https://monumental-valois.com/wp-content/uploads/2025/02/Bernar-Venet.jpg" style="object-position:65% 0%" data-object-fit="cover" data-object-position="65% 0%" srcset="https://monumental-valois.com/wp-content/uploads/2025/02/Bernar-Venet.jpg 1260w, https://monumental-valois.com/wp-content/uploads/2025/02/Bernar-Venet-533x400.jpg 533w, https://monumental-valois.com/wp-content/uploads/2025/02/Bernar-Venet-1200x900.jpg 1200w, https://monumental-valois.com/wp-content/uploads/2025/02/Bernar-Venet-768x576.jpg 768w, https://monumental-valois.com/wp-content/uploads/2025/02/Bernar-Venet-450x338.jpg 450w, https://monumental-valois.com/wp-content/uploads/2025/02/Bernar-Venet-800x600.jpg 800w" sizes="auto, (max-width: 1260px) 100vw, 1260px" /><div class="wp-block-cover__inner-container is-layout-constrained wp-block-cover-is-layout-constrained">
<h3 class="wp-block-heading alignwide has-text-align-right has-64-px-font-size">Visite a página<br/>dedicada ao artista</h3>



<div class="wp-block-buttons alignwide is-content-justification-right is-layout-flex wp-container-core-buttons-is-layout-d445cf74 wp-block-buttons-is-layout-flex">
<div class="wp-block-button"><a class="wp-block-button__link has-text-align-right wp-element-button" href="https://monumental-valois.com/pt-br/artista/bernar-venet/">Veja o artista</a></div>
</div>
</div></div>

<p></p>

<p>Criada em 2010 por Bernar Venet, essa escultura monumental é composta por nove vigas inclinadas de aço Corten que convergem [&hellip;]</p>
