{"id":2186,"date":"2025-02-19T09:38:05","date_gmt":"2025-02-19T08:38:05","guid":{"rendered":"https:\/\/monumental-valois.com\/oeuvre-monumentale\/square-o-poder-da-pedra\/"},"modified":"2026-03-02T16:29:02","modified_gmt":"2026-03-02T15:29:02","slug":"square-o-poder-da-pedra","status":"publish","type":"oeuvre","link":"https:\/\/monumental-valois.com\/pt-br\/obra-monumental\/square-o-poder-da-pedra\/","title":{"rendered":"Square: o poder da pedra"},"content":{"rendered":"\n<div class=\"wp-block-columns alignwide is-style-espace-60-px is-layout-flex wp-container-core-columns-is-layout-28f84493 wp-block-columns-is-layout-flex\">\n<div class=\"wp-block-column is-layout-flow wp-block-column-is-layout-flow\" style=\"flex-basis:30%\"><div class=\"lazyblock-partager-la-page-Z1SDHFv wp-block-lazyblock-partager-la-page\"> <div class=\"partage-single\">\r\n                        <p>Compartilhe esta p\u00e1gina<\/p>\r\n                        <div class=\"liens\">\r\n                            <a href=\"http:\/\/twitter.com\/share?url=https%3A%2F%2Fmonumental-valois.com%2Fpt-br%2Fobra-monumental%2Fsquare-o-poder-da-pedra%2F\" class=\"share-x\" target=\"_blank\" rel=\"nofollow\" title=\"Compartilhar no X\"><\/a>\r\n                            <a href=\"http:\/\/www.facebook.com\/sharer.php?u=https%3A%2F%2Fmonumental-valois.com%2Fpt-br%2Fobra-monumental%2Fsquare-o-poder-da-pedra%2F&#038;t=Square%3A+o+poder+da+pedra&#038;src=sp\" class=\"share-facebook\" target=\"_blank\" rel=\"nofollow\" title=\"Compartilhar no Facebook\">\r\n\r\n                            <\/a>\r\n\r\n\r\n                        <\/div>\r\n                    <\/div><\/div><\/div>\n\n\n\n<div class=\"wp-block-column is-layout-flow wp-block-column-is-layout-flow\" style=\"flex-basis:70%\">\n<p class=\"has-28-px-font-size\">Carr\u00e9, de Eug\u00e8ne Dodeigne, expressa a energia e a tens\u00e3o da pedra, uma dualidade entre superf\u00edcie e volume que caracteriza seu trabalho.<\/p>\n<\/div>\n<\/div>\n\n<div class=\"wp-block-group alignfull is-style-fond-blanc-gris\"><div class=\"wp-block-group__inner-container is-layout-constrained wp-block-group-is-layout-constrained\">\n<div class=\"wp-block-columns alignwide are-vertically-aligned-bottom is-style-espace-60-px is-layout-flex wp-container-core-columns-is-layout-28f84493 wp-block-columns-is-layout-flex\">\n<div class=\"wp-block-column is-vertically-aligned-bottom is-layout-flow wp-block-column-is-layout-flow\" style=\"flex-basis:30%\">\n<p class=\"is-style-sur-titre-page\">Square: o poder da pedra<\/p>\n\n\n\n<h2 class=\"wp-block-heading has-36-px-font-size\"><strong>Expressar a energia da pedra<\/strong><\/h2>\n\n\n\n<p>Com sua aparente simplicidade, Carr\u00e9 revela uma escultura intransigente que \u00e9 ao mesmo tempo minimalista e profunda. Por meio desse quadrado de pedra, Dodeigne consegue liberar uma energia contida, que parece se desdobrar entre o equil\u00edbrio da forma geom\u00e9trica e o aspecto bruto do material. <\/p>\n\n\n\n<h2 class=\"wp-block-heading has-36-px-font-size\"><strong>Uma est\u00e9tica sagrada e despojada<\/strong><\/h2>\n\n\n\n<p>Fiel ao seu estilo, o artista usa formas simples, quase primordiais, que evocam s\u00edmbolos universais. Le Carr\u00e9 lembra um monumento funer\u00e1rio de uma civiliza\u00e7\u00e3o antiga, dotado de uma presen\u00e7a quase m\u00edstica. Essa escultura \u00e9 um tributo ao poder atemporal da pedra, capaz de transmitir um simbolismo que transcende o tempo.  <\/p>\n<\/div>\n\n\n\n<div class=\"wp-block-column is-vertically-aligned-bottom is-layout-flow wp-block-column-is-layout-flow\" style=\"flex-basis:70%\">\n<figure class=\"wp-block-image size-full\"><img loading=\"lazy\" decoding=\"async\" width=\"600\" height=\"800\" src=\"https:\/\/monumental-valois.com\/wp-content\/uploads\/2025\/02\/Carre-eugene-dodeignet.jpg\" alt=\"Square: o poder da pedra\" class=\"wp-image-788\" srcset=\"https:\/\/monumental-valois.com\/wp-content\/uploads\/2025\/02\/Carre-eugene-dodeignet.jpg 600w, https:\/\/monumental-valois.com\/wp-content\/uploads\/2025\/02\/Carre-eugene-dodeignet-300x400.jpg 300w, https:\/\/monumental-valois.com\/wp-content\/uploads\/2025\/02\/Carre-eugene-dodeignet-338x450.jpg 338w, https:\/\/monumental-valois.com\/wp-content\/uploads\/2025\/02\/Carre-eugene-dodeignet-450x600.jpg 450w\" sizes=\"auto, (max-width: 600px) 100vw, 600px\" \/><\/figure>\n<\/div>\n<\/div>\n<\/div><\/div>\n\n<div style=\"height:50px\" aria-hidden=\"true\" class=\"wp-block-spacer\"><\/div>\n\n<div class=\"wp-block-cover alignwide\"><span aria-hidden=\"true\" class=\"wp-block-cover__background has-noir-background-color has-background-dim\"><\/span><img loading=\"lazy\" decoding=\"async\" width=\"780\" height=\"1014\" class=\"wp-block-cover__image-background wp-image-335\" alt=\"\" src=\"https:\/\/monumental-valois.com\/wp-content\/uploads\/2025\/02\/Dodeigne-Eugene-\u00a9Academie-des-Beaux-Arts.jpg\" style=\"object-position:47% 12%\" data-object-fit=\"cover\" data-object-position=\"47% 12%\" srcset=\"https:\/\/monumental-valois.com\/wp-content\/uploads\/2025\/02\/Dodeigne-Eugene-\u00a9Academie-des-Beaux-Arts.jpg 780w, https:\/\/monumental-valois.com\/wp-content\/uploads\/2025\/02\/Dodeigne-Eugene-\u00a9Academie-des-Beaux-Arts-308x400.jpg 308w, https:\/\/monumental-valois.com\/wp-content\/uploads\/2025\/02\/Dodeigne-Eugene-\u00a9Academie-des-Beaux-Arts-692x900.jpg 692w, https:\/\/monumental-valois.com\/wp-content\/uploads\/2025\/02\/Dodeigne-Eugene-\u00a9Academie-des-Beaux-Arts-768x998.jpg 768w, https:\/\/monumental-valois.com\/wp-content\/uploads\/2025\/02\/Dodeigne-Eugene-\u00a9Academie-des-Beaux-Arts-346x450.jpg 346w, https:\/\/monumental-valois.com\/wp-content\/uploads\/2025\/02\/Dodeigne-Eugene-\u00a9Academie-des-Beaux-Arts-462x600.jpg 462w\" sizes=\"auto, (max-width: 780px) 100vw, 780px\" \/><div class=\"wp-block-cover__inner-container is-layout-constrained wp-block-cover-is-layout-constrained\">\n<h3 class=\"wp-block-heading alignwide has-text-align-left has-64-px-font-size\">Visite a p\u00e1gina<br\/>dedicada ao artista<\/h3>\n\n\n\n<div class=\"wp-block-buttons alignwide is-layout-flex wp-block-buttons-is-layout-flex\">\n<div class=\"wp-block-button\"><a class=\"wp-block-button__link wp-element-button\" href=\"https:\/\/monumental-valois.com\/pt-br\/artista\/eugene-dodeigne\/\">Veja o artista<\/a><\/div>\n<\/div>\n<\/div><\/div>\n\n<p><\/p>\n","protected":false},"excerpt":{"rendered":"<p>Carr\u00e9, de Eug\u00e8ne Dodeigne, expressa a energia e a tens\u00e3o da pedra, uma dualidade entre superf\u00edcie e volume que caracteriza [&hellip;]<\/p>\n","protected":false},"featured_media":2187,"template":"","class_list":["post-2186","oeuvre","type-oeuvre","status-publish","has-post-thumbnail","hentry"],"_links":{"self":[{"href":"https:\/\/monumental-valois.com\/pt-br\/wp-json\/wp\/v2\/oeuvre\/2186","targetHints":{"allow":["GET"]}}],"collection":[{"href":"https:\/\/monumental-valois.com\/pt-br\/wp-json\/wp\/v2\/oeuvre"}],"about":[{"href":"https:\/\/monumental-valois.com\/pt-br\/wp-json\/wp\/v2\/types\/oeuvre"}],"wp:featuredmedia":[{"embeddable":true,"href":"https:\/\/monumental-valois.com\/pt-br\/wp-json\/wp\/v2\/media\/2187"}],"wp:attachment":[{"href":"https:\/\/monumental-valois.com\/pt-br\/wp-json\/wp\/v2\/media?parent=2186"}],"curies":[{"name":"wp","href":"https:\/\/api.w.org\/{rel}","templated":true}]}}

<div class="wp-block-columns alignwide is-style-espace-60-px is-layout-flex wp-container-core-columns-is-layout-28f84493 wp-block-columns-is-layout-flex">
<div class="wp-block-column is-layout-flow wp-block-column-is-layout-flow" style="flex-basis:30%"><div class="lazyblock-partager-la-page-Z1SDHFv wp-block-lazyblock-partager-la-page"> <div class="partage-single">
                        <p>Compartilhe esta página</p>
                        <div class="liens">
                            <a href="http://twitter.com/share?url=https%3A%2F%2Fmonumental-valois.com%2Fpt-br%2Fobra-monumental%2Fsquare-o-poder-da-pedra%2F" class="share-x" target="_blank" rel="nofollow" title="Compartilhar no X"></a>
                            <a href="http://www.facebook.com/sharer.php?u=https%3A%2F%2Fmonumental-valois.com%2Fpt-br%2Fobra-monumental%2Fsquare-o-poder-da-pedra%2F&#038;t=Square%3A+o+poder+da+pedra&#038;src=sp" class="share-facebook" target="_blank" rel="nofollow" title="Compartilhar no Facebook">

                            </a>


                        </div>
                    </div></div></div>



<div class="wp-block-column is-layout-flow wp-block-column-is-layout-flow" style="flex-basis:70%">
<p class="has-28-px-font-size">Carré, de Eugène Dodeigne, expressa a energia e a tensão da pedra, uma dualidade entre superfície e volume que caracteriza seu trabalho.</p>
</div>
</div>

<div class="wp-block-group alignfull is-style-fond-blanc-gris"><div class="wp-block-group__inner-container is-layout-constrained wp-block-group-is-layout-constrained">
<div class="wp-block-columns alignwide are-vertically-aligned-bottom is-style-espace-60-px is-layout-flex wp-container-core-columns-is-layout-28f84493 wp-block-columns-is-layout-flex">
<div class="wp-block-column is-vertically-aligned-bottom is-layout-flow wp-block-column-is-layout-flow" style="flex-basis:30%">
<p class="is-style-sur-titre-page">Square: o poder da pedra</p>



<h2 class="wp-block-heading has-36-px-font-size"><strong>Expressar a energia da pedra</strong></h2>



<p>Com sua aparente simplicidade, Carré revela uma escultura intransigente que é ao mesmo tempo minimalista e profunda. Por meio desse quadrado de pedra, Dodeigne consegue liberar uma energia contida, que parece se desdobrar entre o equilíbrio da forma geométrica e o aspecto bruto do material. </p>



<h2 class="wp-block-heading has-36-px-font-size"><strong>Uma estética sagrada e despojada</strong></h2>



<p>Fiel ao seu estilo, o artista usa formas simples, quase primordiais, que evocam símbolos universais. Le Carré lembra um monumento funerário de uma civilização antiga, dotado de uma presença quase mística. Essa escultura é um tributo ao poder atemporal da pedra, capaz de transmitir um simbolismo que transcende o tempo.  </p>
</div>



<div class="wp-block-column is-vertically-aligned-bottom is-layout-flow wp-block-column-is-layout-flow" style="flex-basis:70%">
<figure class="wp-block-image size-full"><img loading="lazy" decoding="async" width="600" height="800" src="https://monumental-valois.com/wp-content/uploads/2025/02/Carre-eugene-dodeignet.jpg" alt="Square: o poder da pedra" class="wp-image-788" srcset="https://monumental-valois.com/wp-content/uploads/2025/02/Carre-eugene-dodeignet.jpg 600w, https://monumental-valois.com/wp-content/uploads/2025/02/Carre-eugene-dodeignet-300x400.jpg 300w, https://monumental-valois.com/wp-content/uploads/2025/02/Carre-eugene-dodeignet-338x450.jpg 338w, https://monumental-valois.com/wp-content/uploads/2025/02/Carre-eugene-dodeignet-450x600.jpg 450w" sizes="auto, (max-width: 600px) 100vw, 600px" /></figure>
</div>
</div>
</div></div>

<div style="height:50px" aria-hidden="true" class="wp-block-spacer"></div>

<div class="wp-block-cover alignwide"><span aria-hidden="true" class="wp-block-cover__background has-noir-background-color has-background-dim"></span><img loading="lazy" decoding="async" width="780" height="1014" class="wp-block-cover__image-background wp-image-335" alt="" src="https://monumental-valois.com/wp-content/uploads/2025/02/Dodeigne-Eugene-©Academie-des-Beaux-Arts.jpg" style="object-position:47% 12%" data-object-fit="cover" data-object-position="47% 12%" srcset="https://monumental-valois.com/wp-content/uploads/2025/02/Dodeigne-Eugene-©Academie-des-Beaux-Arts.jpg 780w, https://monumental-valois.com/wp-content/uploads/2025/02/Dodeigne-Eugene-©Academie-des-Beaux-Arts-308x400.jpg 308w, https://monumental-valois.com/wp-content/uploads/2025/02/Dodeigne-Eugene-©Academie-des-Beaux-Arts-692x900.jpg 692w, https://monumental-valois.com/wp-content/uploads/2025/02/Dodeigne-Eugene-©Academie-des-Beaux-Arts-768x998.jpg 768w, https://monumental-valois.com/wp-content/uploads/2025/02/Dodeigne-Eugene-©Academie-des-Beaux-Arts-346x450.jpg 346w, https://monumental-valois.com/wp-content/uploads/2025/02/Dodeigne-Eugene-©Academie-des-Beaux-Arts-462x600.jpg 462w" sizes="auto, (max-width: 780px) 100vw, 780px" /><div class="wp-block-cover__inner-container is-layout-constrained wp-block-cover-is-layout-constrained">
<h3 class="wp-block-heading alignwide has-text-align-left has-64-px-font-size">Visite a página<br/>dedicada ao artista</h3>



<div class="wp-block-buttons alignwide is-layout-flex wp-block-buttons-is-layout-flex">
<div class="wp-block-button"><a class="wp-block-button__link wp-element-button" href="https://monumental-valois.com/pt-br/artista/eugene-dodeigne/">Veja o artista</a></div>
</div>
</div></div>

<p></p>

<p>Carré, de Eugène Dodeigne, expressa a energia e a tensão da pedra, uma dualidade entre superfície e volume que caracteriza [&hellip;]</p>
