{"id":2048,"date":"2025-03-26T15:50:19","date_gmt":"2025-03-26T14:50:19","guid":{"rendered":"https:\/\/monumental-valois.com\/monumental-valois-um-projeto-de-arte-contemporanea-unico-na-europa\/"},"modified":"2026-03-02T14:18:13","modified_gmt":"2026-03-02T13:18:13","slug":"monumental-valois-um-projeto-de-arte-contemporanea-unico-na-europa","status":"publish","type":"page","link":"https:\/\/monumental-valois.com\/pt-br\/monumental-valois-um-projeto-de-arte-contemporanea-unico-na-europa\/","title":{"rendered":"Monumental Valois: um projeto de arte contempor\u00e2nea \u00fanico na Europa"},"content":{"rendered":"\n<div class=\"wp-block-columns alignwide are-vertically-aligned-top is-style-espace-60-px is-layout-flex wp-container-core-columns-is-layout-28f84493 wp-block-columns-is-layout-flex\">\n<div class=\"wp-block-column is-vertically-aligned-top is-style-default is-layout-flow wp-block-column-is-layout-flow\" style=\"flex-basis:34%\"><div class=\"lazyblock-partager-la-page-yncXr wp-block-lazyblock-partager-la-page\"> <div class=\"partage-single\">\r\n                        <p>Compartilhe esta p\u00e1gina<\/p>\r\n                        <div class=\"liens\">\r\n                            <a href=\"http:\/\/twitter.com\/share?url=https%3A%2F%2Fmonumental-valois.com%2Fpt-br%2Fmonumental-valois-um-projeto-de-arte-contemporanea-unico-na-europa%2F\" class=\"share-x\" target=\"_blank\" rel=\"nofollow\" title=\"Compartilhar no X\"><\/a>\r\n                            <a href=\"http:\/\/www.facebook.com\/sharer.php?u=https%3A%2F%2Fmonumental-valois.com%2Fpt-br%2Fmonumental-valois-um-projeto-de-arte-contemporanea-unico-na-europa%2F&#038;t=Monumental+Valois%3A+um+projeto+de+arte+contempor%C3%A2nea+%C3%BAnico+na+Europa&#038;src=sp\" class=\"share-facebook\" target=\"_blank\" rel=\"nofollow\" title=\"Compartilhar no Facebook\">\r\n\r\n                            <\/a>\r\n\r\n\r\n                        <\/div>\r\n                    <\/div><\/div>\n\n\n<div style=\"height:370px\" aria-hidden=\"true\" class=\"wp-block-spacer\"><\/div>\n\n\n\n<p class=\"is-style-sur-titre-page\">Sobre n\u00f3s<\/p>\n\n\n\n<h2 class=\"wp-block-heading has-36-px-font-size\">Uma iniciativa art\u00edstica e tur\u00edstica \u00fanica<\/h2>\n\n\n\n<p>O Monumental Valois \u00e9 uma iniciativa art\u00edstica e tur\u00edstica inovadora na Communaut\u00e9 de Communes du Pays de Valois, inspirada em exemplos internacionais do Jap\u00e3o, dos Estados Unidos e do Brasil. O objetivo desse projeto, o \u00fanico desse tipo na Europa, \u00e9 criar uma trilha de esculturas monumentais, arquitetura e grafites contempor\u00e2neos, espalhados pelas 62 comunas da regi\u00e3o. Ele \u00e9 apoiado por um fundo patrimonial que est\u00e1 sendo criado atualmente.  <\/p>\n<\/div>\n\n\n\n<div class=\"wp-block-column is-vertically-aligned-top is-layout-flow wp-block-column-is-layout-flow\" style=\"flex-basis:66%\">\n<p>O Monumental Valois \u00e9 um projeto art\u00edstico e cultural que convida artistas contempor\u00e2neos a se envolverem com o patrim\u00f4nio da regi\u00e3o, revisitando monumentos emblem\u00e1ticos. Cada obra oferece uma nova interpreta\u00e7\u00e3o do local que ocupa, oferecendo aos visitantes uma vis\u00e3o sens\u00edvel, po\u00e9tica ou fora do comum da hist\u00f3ria e da arquitetura. A Monumental Valois celebra o encontro entre a arte contempor\u00e2nea, a mem\u00f3ria coletiva e a identidade local.  <\/p>\n\n\n\n<div style=\"height:100px\" aria-hidden=\"true\" class=\"wp-block-spacer\"><\/div>\n\n\n\n<figure class=\"wp-block-image size-full\"><img loading=\"lazy\" decoding=\"async\" width=\"1000\" height=\"888\" src=\"https:\/\/monumental-valois.com\/wp-content\/uploads\/2024\/12\/FresqueReskate-pays-valois-jour.jpg\" alt=\"\" class=\"wp-image-484\" srcset=\"https:\/\/monumental-valois.com\/wp-content\/uploads\/2024\/12\/FresqueReskate-pays-valois-jour.jpg 1000w, https:\/\/monumental-valois.com\/wp-content\/uploads\/2024\/12\/FresqueReskate-pays-valois-jour-450x400.jpg 450w, https:\/\/monumental-valois.com\/wp-content\/uploads\/2024\/12\/FresqueReskate-pays-valois-jour-768x682.jpg 768w, https:\/\/monumental-valois.com\/wp-content\/uploads\/2024\/12\/FresqueReskate-pays-valois-jour-676x600.jpg 676w\" sizes=\"auto, (max-width: 1000px) 100vw, 1000px\" \/><\/figure>\n\n\n\n<p class=\"has-30-px-font-size\">O objetivo \u00e9 destacar a natureza e o patrim\u00f4nio cultural local, integrando obras de artistas renomados \u00e0s paisagens e aos monumentos hist\u00f3ricos do Pays de Valois.<\/p>\n<\/div>\n<\/div>\n\n<div style=\"height:100px\" aria-hidden=\"true\" class=\"wp-block-spacer\"><\/div>\n\n<div class=\"wp-block-columns alignwide are-vertically-aligned-top is-style-espace-60-px is-layout-flex wp-container-core-columns-is-layout-28f84493 wp-block-columns-is-layout-flex\">\n<div class=\"wp-block-column is-vertically-aligned-top is-style-default is-layout-flow wp-block-column-is-layout-flow\" style=\"flex-basis:34%\">\n<figure class=\"wp-block-image size-full\"><img loading=\"lazy\" decoding=\"async\" width=\"600\" height=\"900\" src=\"https:\/\/monumental-valois.com\/wp-content\/uploads\/2025\/02\/Obliques-photo-1-benar-venet.jpg\" alt=\"9 linhas obl&#xED;quas: o impulso monumental de Bernar Venet\" class=\"wp-image-810\" srcset=\"https:\/\/monumental-valois.com\/wp-content\/uploads\/2025\/02\/Obliques-photo-1-benar-venet.jpg 600w, https:\/\/monumental-valois.com\/wp-content\/uploads\/2025\/02\/Obliques-photo-1-benar-venet-267x400.jpg 267w, https:\/\/monumental-valois.com\/wp-content\/uploads\/2025\/02\/Obliques-photo-1-benar-venet-300x450.jpg 300w, https:\/\/monumental-valois.com\/wp-content\/uploads\/2025\/02\/Obliques-photo-1-benar-venet-400x600.jpg 400w\" sizes=\"auto, (max-width: 600px) 100vw, 600px\" \/><\/figure>\n<\/div>\n\n\n\n<div class=\"wp-block-column is-vertically-aligned-top is-layout-flow wp-block-column-is-layout-flow\" style=\"flex-basis:66%\">\n<figure class=\"wp-block-image size-full\"><img loading=\"lazy\" decoding=\"async\" width=\"1500\" height=\"998\" src=\"https:\/\/monumental-valois.com\/wp-content\/uploads\/2025\/02\/Relatum-X.jpg\" alt=\"Relatum X: di&#xE1;logo entre o homem e a natureza\" class=\"wp-image-569\" srcset=\"https:\/\/monumental-valois.com\/wp-content\/uploads\/2025\/02\/Relatum-X.jpg 1500w, https:\/\/monumental-valois.com\/wp-content\/uploads\/2025\/02\/Relatum-X-601x400.jpg 601w, https:\/\/monumental-valois.com\/wp-content\/uploads\/2025\/02\/Relatum-X-1353x900.jpg 1353w, https:\/\/monumental-valois.com\/wp-content\/uploads\/2025\/02\/Relatum-X-768x511.jpg 768w, https:\/\/monumental-valois.com\/wp-content\/uploads\/2025\/02\/Relatum-X-450x299.jpg 450w, https:\/\/monumental-valois.com\/wp-content\/uploads\/2025\/02\/Relatum-X-902x600.jpg 902w\" sizes=\"auto, (max-width: 1500px) 100vw, 1500px\" \/><\/figure>\n\n\n\n<div class=\"wp-block-group is-style-largeur-max-370\"><div class=\"wp-block-group__inner-container is-layout-constrained wp-block-group-is-layout-constrained\">\n<p class=\"is-style-sur-titre-page\">Sobre n\u00f3s<\/p>\n\n\n\n<h2 class=\"wp-block-heading has-36-px-font-size\">Um verdadeiro museu a c\u00e9u aberto<\/h2>\n\n\n\n<p>No centro do projeto regional da communaut\u00e9 de communes, esse museu a c\u00e9u aberto coloca a inova\u00e7\u00e3o a servi\u00e7o do turismo, da cultura e do meio ambiente. Esse itiner\u00e1rio exclusivo se baseia no rico patrim\u00f4nio natural e arquitet\u00f4nico de Valois, hospedando obras de artistas internacionais e oferecendo interven\u00e7\u00f5es art\u00edsticas diretamente em locais hist\u00f3ricos e naturais. <\/p>\n<\/div><\/div>\n<\/div>\n<\/div>\n\n<div style=\"height:100px\" aria-hidden=\"true\" class=\"wp-block-spacer\"><\/div>\n\n<div class=\"wp-block-group alignfull has-noir-background-color has-background\"><div class=\"wp-block-group__inner-container is-layout-constrained wp-block-group-is-layout-constrained\">\n<div style=\"height:50px\" aria-hidden=\"true\" class=\"wp-block-spacer\"><\/div>\n\n\n\n<div class=\"wp-block-group alignwide\"><div class=\"wp-block-group__inner-container is-layout-constrained wp-block-group-is-layout-constrained\">\n<p class=\"is-style-sur-titre-artiste has-blanc-color has-text-color has-link-color wp-elements-8194f10749d569614759156d8a2f6fdb\">a regi\u00e3o de valois<\/p>\n\n\n\n<h3 class=\"wp-block-heading alignwide has-blanc-color has-text-color has-link-color has-60-px-font-size wp-elements-fc09a1bc0d0acbab548afda5fb164f76\">Uma terra de hist\u00f3ria, o Pays de Valois ostenta um patrim\u00f4nio excepcional que testemunha seu passado glorioso.<\/h3>\n<\/div><\/div>\n\n\n\n<div style=\"height:50px\" aria-hidden=\"true\" class=\"wp-block-spacer\"><\/div>\n<\/div><\/div>\n\n<div style=\"height:100px\" aria-hidden=\"true\" class=\"wp-block-spacer\"><\/div>\n\n<div class=\"wp-block-columns alignwide are-vertically-aligned-bottom is-style-espace-60-px is-layout-flex wp-container-core-columns-is-layout-28f84493 wp-block-columns-is-layout-flex\">\n<div class=\"wp-block-column is-vertically-aligned-bottom is-style-default is-layout-flow wp-block-column-is-layout-flow\" style=\"flex-basis:34%\">\n<p class=\"is-style-sur-titre-page\">Sobre n\u00f3s<\/p>\n\n\n\n<h2 class=\"wp-block-heading has-36-px-font-size\">Uma jornada de esculturas extraordin\u00e1rias<\/h2>\n\n\n\n<p>A longo prazo, o projeto visa estabelecer uma trilha genu\u00edna de obras monumentais em todo o Pays de Valois, onde cada cria\u00e7\u00e3o, ao mesmo tempo em que se mistura harmoniosamente ao seu ambiente, oferece uma interpreta\u00e7\u00e3o da identidade do Pays de Valois. Com essa iniciativa, a regi\u00e3o pretende se tornar um local de express\u00e3o contempor\u00e2nea, onde a arte, a natureza e a hist\u00f3ria se encontram e interagem em harmonia. <\/p>\n<\/div>\n\n\n\n<div class=\"wp-block-column is-vertically-aligned-bottom is-layout-flow wp-block-column-is-layout-flow\" style=\"flex-basis:66%\">\n<figure class=\"wp-block-image size-full\"><img loading=\"lazy\" decoding=\"async\" width=\"1024\" height=\"768\" src=\"https:\/\/monumental-valois.com\/wp-content\/uploads\/2025\/02\/Cabanes.jpg\" alt=\"Cabanas: obras suspensas\" class=\"wp-image-572\" srcset=\"https:\/\/monumental-valois.com\/wp-content\/uploads\/2025\/02\/Cabanes.jpg 1024w, https:\/\/monumental-valois.com\/wp-content\/uploads\/2025\/02\/Cabanes-533x400.jpg 533w, https:\/\/monumental-valois.com\/wp-content\/uploads\/2025\/02\/Cabanes-768x576.jpg 768w, https:\/\/monumental-valois.com\/wp-content\/uploads\/2025\/02\/Cabanes-450x338.jpg 450w, https:\/\/monumental-valois.com\/wp-content\/uploads\/2025\/02\/Cabanes-800x600.jpg 800w\" sizes=\"auto, (max-width: 1024px) 100vw, 1024px\" \/><\/figure>\n<\/div>\n<\/div>\n","protected":false},"excerpt":{"rendered":"<p>Sobre n\u00f3s Uma iniciativa art\u00edstica e tur\u00edstica \u00fanica O Monumental Valois \u00e9 uma iniciativa art\u00edstica e tur\u00edstica inovadora na Communaut\u00e9 [&hellip;]<\/p>\n","protected":false},"author":1,"featured_media":2018,"parent":0,"menu_order":0,"comment_status":"closed","ping_status":"closed","template":"","meta":{"footnotes":""},"class_list":["post-2048","page","type-page","status-publish","has-post-thumbnail","hentry"],"_links":{"self":[{"href":"https:\/\/monumental-valois.com\/pt-br\/wp-json\/wp\/v2\/pages\/2048","targetHints":{"allow":["GET"]}}],"collection":[{"href":"https:\/\/monumental-valois.com\/pt-br\/wp-json\/wp\/v2\/pages"}],"about":[{"href":"https:\/\/monumental-valois.com\/pt-br\/wp-json\/wp\/v2\/types\/page"}],"author":[{"embeddable":true,"href":"https:\/\/monumental-valois.com\/pt-br\/wp-json\/wp\/v2\/users\/1"}],"replies":[{"embeddable":true,"href":"https:\/\/monumental-valois.com\/pt-br\/wp-json\/wp\/v2\/comments?post=2048"}],"version-history":[{"count":1,"href":"https:\/\/monumental-valois.com\/pt-br\/wp-json\/wp\/v2\/pages\/2048\/revisions"}],"predecessor-version":[{"id":2049,"href":"https:\/\/monumental-valois.com\/pt-br\/wp-json\/wp\/v2\/pages\/2048\/revisions\/2049"}],"wp:featuredmedia":[{"embeddable":true,"href":"https:\/\/monumental-valois.com\/pt-br\/wp-json\/wp\/v2\/media\/2018"}],"wp:attachment":[{"href":"https:\/\/monumental-valois.com\/pt-br\/wp-json\/wp\/v2\/media?parent=2048"}],"curies":[{"name":"wp","href":"https:\/\/api.w.org\/{rel}","templated":true}]}}

Monumental Valois: um projeto de arte contemporânea único na Europa

<div class="wp-block-columns alignwide are-vertically-aligned-top is-style-espace-60-px is-layout-flex wp-container-core-columns-is-layout-28f84493 wp-block-columns-is-layout-flex">
<div class="wp-block-column is-vertically-aligned-top is-style-default is-layout-flow wp-block-column-is-layout-flow" style="flex-basis:34%"><div class="lazyblock-partager-la-page-yncXr wp-block-lazyblock-partager-la-page"> <div class="partage-single">
                        <p>Compartilhe esta página</p>
                        <div class="liens">
                            <a href="http://twitter.com/share?url=https%3A%2F%2Fmonumental-valois.com%2Fpt-br%2Fmonumental-valois-um-projeto-de-arte-contemporanea-unico-na-europa%2F" class="share-x" target="_blank" rel="nofollow" title="Compartilhar no X"></a>
                            <a href="http://www.facebook.com/sharer.php?u=https%3A%2F%2Fmonumental-valois.com%2Fpt-br%2Fmonumental-valois-um-projeto-de-arte-contemporanea-unico-na-europa%2F&#038;t=Monumental+Valois%3A+um+projeto+de+arte+contempor%C3%A2nea+%C3%BAnico+na+Europa&#038;src=sp" class="share-facebook" target="_blank" rel="nofollow" title="Compartilhar no Facebook">

                            </a>


                        </div>
                    </div></div>


<div style="height:370px" aria-hidden="true" class="wp-block-spacer"></div>



<p class="is-style-sur-titre-page">Sobre nós</p>



<h2 class="wp-block-heading has-36-px-font-size">Uma iniciativa artística e turística única</h2>



<p>O Monumental Valois é uma iniciativa artística e turística inovadora na Communauté de Communes du Pays de Valois, inspirada em exemplos internacionais do Japão, dos Estados Unidos e do Brasil. O objetivo desse projeto, o único desse tipo na Europa, é criar uma trilha de esculturas monumentais, arquitetura e grafites contemporâneos, espalhados pelas 62 comunas da região. Ele é apoiado por um fundo patrimonial que está sendo criado atualmente.  </p>
</div>



<div class="wp-block-column is-vertically-aligned-top is-layout-flow wp-block-column-is-layout-flow" style="flex-basis:66%">
<p>O Monumental Valois é um projeto artístico e cultural que convida artistas contemporâneos a se envolverem com o patrimônio da região, revisitando monumentos emblemáticos. Cada obra oferece uma nova interpretação do local que ocupa, oferecendo aos visitantes uma visão sensível, poética ou fora do comum da história e da arquitetura. A Monumental Valois celebra o encontro entre a arte contemporânea, a memória coletiva e a identidade local.  </p>



<div style="height:100px" aria-hidden="true" class="wp-block-spacer"></div>



<figure class="wp-block-image size-full"><img loading="lazy" decoding="async" width="1000" height="888" src="https://monumental-valois.com/wp-content/uploads/2024/12/FresqueReskate-pays-valois-jour.jpg" alt="" class="wp-image-484" srcset="https://monumental-valois.com/wp-content/uploads/2024/12/FresqueReskate-pays-valois-jour.jpg 1000w, https://monumental-valois.com/wp-content/uploads/2024/12/FresqueReskate-pays-valois-jour-450x400.jpg 450w, https://monumental-valois.com/wp-content/uploads/2024/12/FresqueReskate-pays-valois-jour-768x682.jpg 768w, https://monumental-valois.com/wp-content/uploads/2024/12/FresqueReskate-pays-valois-jour-676x600.jpg 676w" sizes="auto, (max-width: 1000px) 100vw, 1000px" /></figure>



<p class="has-30-px-font-size">O objetivo é destacar a natureza e o patrimônio cultural local, integrando obras de artistas renomados às paisagens e aos monumentos históricos do Pays de Valois.</p>
</div>
</div>

<div style="height:100px" aria-hidden="true" class="wp-block-spacer"></div>

<div class="wp-block-columns alignwide are-vertically-aligned-top is-style-espace-60-px is-layout-flex wp-container-core-columns-is-layout-28f84493 wp-block-columns-is-layout-flex">
<div class="wp-block-column is-vertically-aligned-top is-style-default is-layout-flow wp-block-column-is-layout-flow" style="flex-basis:34%">
<figure class="wp-block-image size-full"><img loading="lazy" decoding="async" width="600" height="900" src="https://monumental-valois.com/wp-content/uploads/2025/02/Obliques-photo-1-benar-venet.jpg" alt="9 linhas obl&#xED;quas: o impulso monumental de Bernar Venet" class="wp-image-810" srcset="https://monumental-valois.com/wp-content/uploads/2025/02/Obliques-photo-1-benar-venet.jpg 600w, https://monumental-valois.com/wp-content/uploads/2025/02/Obliques-photo-1-benar-venet-267x400.jpg 267w, https://monumental-valois.com/wp-content/uploads/2025/02/Obliques-photo-1-benar-venet-300x450.jpg 300w, https://monumental-valois.com/wp-content/uploads/2025/02/Obliques-photo-1-benar-venet-400x600.jpg 400w" sizes="auto, (max-width: 600px) 100vw, 600px" /></figure>
</div>



<div class="wp-block-column is-vertically-aligned-top is-layout-flow wp-block-column-is-layout-flow" style="flex-basis:66%">
<figure class="wp-block-image size-full"><img loading="lazy" decoding="async" width="1500" height="998" src="https://monumental-valois.com/wp-content/uploads/2025/02/Relatum-X.jpg" alt="Relatum X: di&#xE1;logo entre o homem e a natureza" class="wp-image-569" srcset="https://monumental-valois.com/wp-content/uploads/2025/02/Relatum-X.jpg 1500w, https://monumental-valois.com/wp-content/uploads/2025/02/Relatum-X-601x400.jpg 601w, https://monumental-valois.com/wp-content/uploads/2025/02/Relatum-X-1353x900.jpg 1353w, https://monumental-valois.com/wp-content/uploads/2025/02/Relatum-X-768x511.jpg 768w, https://monumental-valois.com/wp-content/uploads/2025/02/Relatum-X-450x299.jpg 450w, https://monumental-valois.com/wp-content/uploads/2025/02/Relatum-X-902x600.jpg 902w" sizes="auto, (max-width: 1500px) 100vw, 1500px" /></figure>



<div class="wp-block-group is-style-largeur-max-370"><div class="wp-block-group__inner-container is-layout-constrained wp-block-group-is-layout-constrained">
<p class="is-style-sur-titre-page">Sobre nós</p>



<h2 class="wp-block-heading has-36-px-font-size">Um verdadeiro museu a céu aberto</h2>



<p>No centro do projeto regional da communauté de communes, esse museu a céu aberto coloca a inovação a serviço do turismo, da cultura e do meio ambiente. Esse itinerário exclusivo se baseia no rico patrimônio natural e arquitetônico de Valois, hospedando obras de artistas internacionais e oferecendo intervenções artísticas diretamente em locais históricos e naturais. </p>
</div></div>
</div>
</div>

<div style="height:100px" aria-hidden="true" class="wp-block-spacer"></div>

<div class="wp-block-group alignfull has-noir-background-color has-background"><div class="wp-block-group__inner-container is-layout-constrained wp-block-group-is-layout-constrained">
<div style="height:50px" aria-hidden="true" class="wp-block-spacer"></div>



<div class="wp-block-group alignwide"><div class="wp-block-group__inner-container is-layout-constrained wp-block-group-is-layout-constrained">
<p class="is-style-sur-titre-artiste has-blanc-color has-text-color has-link-color wp-elements-8194f10749d569614759156d8a2f6fdb">a região de valois</p>



<h3 class="wp-block-heading alignwide has-blanc-color has-text-color has-link-color has-60-px-font-size wp-elements-fc09a1bc0d0acbab548afda5fb164f76">Uma terra de história, o Pays de Valois ostenta um patrimônio excepcional que testemunha seu passado glorioso.</h3>
</div></div>



<div style="height:50px" aria-hidden="true" class="wp-block-spacer"></div>
</div></div>

<div style="height:100px" aria-hidden="true" class="wp-block-spacer"></div>

<div class="wp-block-columns alignwide are-vertically-aligned-bottom is-style-espace-60-px is-layout-flex wp-container-core-columns-is-layout-28f84493 wp-block-columns-is-layout-flex">
<div class="wp-block-column is-vertically-aligned-bottom is-style-default is-layout-flow wp-block-column-is-layout-flow" style="flex-basis:34%">
<p class="is-style-sur-titre-page">Sobre nós</p>



<h2 class="wp-block-heading has-36-px-font-size">Uma jornada de esculturas extraordinárias</h2>



<p>A longo prazo, o projeto visa estabelecer uma trilha genuína de obras monumentais em todo o Pays de Valois, onde cada criação, ao mesmo tempo em que se mistura harmoniosamente ao seu ambiente, oferece uma interpretação da identidade do Pays de Valois. Com essa iniciativa, a região pretende se tornar um local de expressão contemporânea, onde a arte, a natureza e a história se encontram e interagem em harmonia. </p>
</div>



<div class="wp-block-column is-vertically-aligned-bottom is-layout-flow wp-block-column-is-layout-flow" style="flex-basis:66%">
<figure class="wp-block-image size-full"><img loading="lazy" decoding="async" width="1024" height="768" src="https://monumental-valois.com/wp-content/uploads/2025/02/Cabanes.jpg" alt="Cabanas: obras suspensas" class="wp-image-572" srcset="https://monumental-valois.com/wp-content/uploads/2025/02/Cabanes.jpg 1024w, https://monumental-valois.com/wp-content/uploads/2025/02/Cabanes-533x400.jpg 533w, https://monumental-valois.com/wp-content/uploads/2025/02/Cabanes-768x576.jpg 768w, https://monumental-valois.com/wp-content/uploads/2025/02/Cabanes-450x338.jpg 450w, https://monumental-valois.com/wp-content/uploads/2025/02/Cabanes-800x600.jpg 800w" sizes="auto, (max-width: 1024px) 100vw, 1024px" /></figure>
</div>
</div>

<p>Sobre nós Uma iniciativa artística e turística única O Monumental Valois é uma iniciativa artística e turística inovadora na Communauté [&hellip;]</p>
