{"id":2074,"date":"2025-02-17T17:16:38","date_gmt":"2025-02-17T16:16:38","guid":{"rendered":"https:\/\/monumental-valois.com\/o-pays-de-valois-uma-area-que-combina-natureza-historia-e-patrimonio\/"},"modified":"2026-03-02T14:36:23","modified_gmt":"2026-03-02T13:36:23","slug":"o-pays-de-valois-uma-area-que-combina-natureza-historia-e-patrimonio","status":"publish","type":"page","link":"https:\/\/monumental-valois.com\/pt-br\/o-pays-de-valois-uma-area-que-combina-natureza-historia-e-patrimonio\/","title":{"rendered":"O Pays de Valois: uma \u00e1rea que combina natureza, hist\u00f3ria e patrim\u00f4nio"},"content":{"rendered":"\n<div class=\"wp-block-group alignwide\"><div class=\"wp-block-group__inner-container is-layout-constrained wp-block-group-is-layout-constrained\">\n<div class=\"wp-block-columns alignwide is-style-espace-60-px is-layout-flex wp-container-core-columns-is-layout-28f84493 wp-block-columns-is-layout-flex\">\n<div class=\"wp-block-column is-vertically-aligned-bottom is-style-default is-layout-flow wp-block-column-is-layout-flow\" style=\"flex-basis:34%\"><div class=\"lazyblock-partager-la-page-yncXr wp-block-lazyblock-partager-la-page\"> <div class=\"partage-single\">\r\n                        <p>Compartilhe esta p\u00e1gina<\/p>\r\n                        <div class=\"liens\">\r\n                            <a href=\"http:\/\/twitter.com\/share?url=https%3A%2F%2Fmonumental-valois.com%2Fpt-br%2Fo-pays-de-valois-uma-area-que-combina-natureza-historia-e-patrimonio%2F\" class=\"share-x\" target=\"_blank\" rel=\"nofollow\" title=\"Compartilhar no X\"><\/a>\r\n                            <a href=\"http:\/\/www.facebook.com\/sharer.php?u=https%3A%2F%2Fmonumental-valois.com%2Fpt-br%2Fo-pays-de-valois-uma-area-que-combina-natureza-historia-e-patrimonio%2F&#038;t=O+Pays+de+Valois%3A+uma+%C3%A1rea+que+combina+natureza%2C+hist%C3%B3ria+e+patrim%C3%B4nio&#038;src=sp\" class=\"share-facebook\" target=\"_blank\" rel=\"nofollow\" title=\"Compartilhar no Facebook\">\r\n\r\n                            <\/a>\r\n\r\n\r\n                        <\/div>\r\n                    <\/div><\/div>\n\n\n<div style=\"height:250px\" aria-hidden=\"true\" class=\"wp-block-spacer\"><\/div>\n\n\n\n<p class=\"is-style-sur-titre-page\">a regi\u00e3o de valois<\/p>\n\n\n\n<h2 class=\"wp-block-heading has-36-px-font-size\">Uma posi\u00e7\u00e3o geogr\u00e1fica estrat\u00e9gica<\/h2>\n\n\n\n<p>Sua posi\u00e7\u00e3o geogr\u00e1fica privilegiada, na porta de entrada para o norte da Europa e nas imedia\u00e7\u00f5es de Paris, faz do Pays de Valois um cruzamento estrat\u00e9gico entre as regi\u00f5es de \u00cele-de-France e Hauts-de-France. Sua proximidade com o aeroporto Roissy-Charles de Gaulle aumenta sua atratividade, ao mesmo tempo em que preserva um ambiente de vida tranquilo e aut\u00eantico, longe da agita\u00e7\u00e3o da cidade. <\/p>\n<\/div>\n\n\n\n<div class=\"wp-block-column is-vertically-aligned-bottom is-layout-flow wp-block-column-is-layout-flow\" style=\"flex-basis:66%\">\n<p>O Pays de Valois \u00e9 uma \u00e1rea que combina harmoniosamente natureza, hist\u00f3ria e patrim\u00f4nio. Localizada no cora\u00e7\u00e3o da Bacia de Paris, compreende 62 comunas e abriga cerca de 57.000 habitantes. Essa \u00e1rea verde, banhada pelos rios Oise, Ourcq, Plaine de France e Soissonnais, oferece uma paisagem variada de florestas, plan\u00edcies agr\u00edcolas e vilarejos pitorescos, geralmente dominados por uma igreja ou castelo.  <\/p>\n\n\n\n<div style=\"height:100px\" aria-hidden=\"true\" class=\"wp-block-spacer\"><\/div>\n\n\n\n<figure class=\"wp-block-image size-full\"><img loading=\"lazy\" decoding=\"async\" width=\"1100\" height=\"824\" src=\"https:\/\/monumental-valois.com\/wp-content\/uploads\/2025\/02\/office-tourisme-valois.jpg\" alt=\"Pa&#xED;s de Valois\" class=\"wp-image-372\" srcset=\"https:\/\/monumental-valois.com\/wp-content\/uploads\/2025\/02\/office-tourisme-valois.jpg 1100w, https:\/\/monumental-valois.com\/wp-content\/uploads\/2025\/02\/office-tourisme-valois-534x400.jpg 534w, https:\/\/monumental-valois.com\/wp-content\/uploads\/2025\/02\/office-tourisme-valois-768x575.jpg 768w, https:\/\/monumental-valois.com\/wp-content\/uploads\/2025\/02\/office-tourisme-valois-450x337.jpg 450w, https:\/\/monumental-valois.com\/wp-content\/uploads\/2025\/02\/office-tourisme-valois-801x600.jpg 801w\" sizes=\"auto, (max-width: 1100px) 100vw, 1100px\" \/><\/figure>\n<\/div>\n<\/div>\n<\/div><\/div>\n\n<div style=\"height:100px\" aria-hidden=\"true\" class=\"wp-block-spacer\"><\/div>\n\n<div class=\"wp-block-group alignwide\"><div class=\"wp-block-group__inner-container is-layout-constrained wp-block-group-is-layout-constrained\">\n<div class=\"wp-block-columns alignwide are-vertically-aligned-bottom is-style-espace-60-px is-layout-flex wp-container-core-columns-is-layout-28f84493 wp-block-columns-is-layout-flex\">\n<div class=\"wp-block-column is-vertically-aligned-bottom is-layout-flow wp-block-column-is-layout-flow\">\n<figure class=\"wp-block-image size-full\"><img loading=\"lazy\" decoding=\"async\" width=\"900\" height=\"900\" src=\"https:\/\/monumental-valois.com\/wp-content\/uploads\/2025\/02\/chapelle.jpg\" alt=\"Pa&#xED;s de Valois\" class=\"wp-image-380\" srcset=\"https:\/\/monumental-valois.com\/wp-content\/uploads\/2025\/02\/chapelle.jpg 900w, https:\/\/monumental-valois.com\/wp-content\/uploads\/2025\/02\/chapelle-400x400.jpg 400w, https:\/\/monumental-valois.com\/wp-content\/uploads\/2025\/02\/chapelle-300x300.jpg 300w, https:\/\/monumental-valois.com\/wp-content\/uploads\/2025\/02\/chapelle-768x768.jpg 768w, https:\/\/monumental-valois.com\/wp-content\/uploads\/2025\/02\/chapelle-450x450.jpg 450w, https:\/\/monumental-valois.com\/wp-content\/uploads\/2025\/02\/chapelle-600x600.jpg 600w\" sizes=\"auto, (max-width: 900px) 100vw, 900px\" \/><\/figure>\n<\/div>\n\n\n\n<div class=\"wp-block-column is-vertically-aligned-bottom is-layout-flow wp-block-column-is-layout-flow\">\n<div class=\"wp-block-group is-style-largeur-max-370\"><div class=\"wp-block-group__inner-container is-layout-constrained wp-block-group-is-layout-constrained\">\n<p class=\"is-style-sur-titre-page\">a regi\u00e3o de valois<\/p>\n\n\n\n<h2 class=\"wp-block-heading has-36-px-font-size\">Um legado hist\u00f3rico<\/h2>\n\n\n\n<p>Uma terra de hist\u00f3ria, o Pays de Valois ostenta um patrim\u00f4nio excepcional que testemunha seu passado glorioso, especialmente como ber\u00e7o da Casa de Valois. Seus castelos e igrejas hist\u00f3ricos contam a hist\u00f3ria da heran\u00e7a real e arquitet\u00f4nica de uma regi\u00e3o que viu grandes dinastias nascerem e florescerem. <\/p>\n<\/div><\/div>\n<\/div>\n<\/div>\n<\/div><\/div>\n\n<div style=\"height:100px\" aria-hidden=\"true\" class=\"wp-block-spacer\"><\/div>\n<div class=\"lazyblock-carte-home-page-2-Z75Ce8 alignfull alignfull  wp-block-lazyblock-carte-home-page-2\"> <div class=\"carte-page-single\">\n  <div class=\"la-carte\" id=\"map-home\">\n    \n  <\/div>\n<\/div><\/div>\n<div class=\"wp-block-group alignfull has-noir-background-color has-background\"><div class=\"wp-block-group__inner-container is-layout-constrained wp-block-group-is-layout-constrained\">\n<div style=\"height:50px\" aria-hidden=\"true\" class=\"wp-block-spacer\"><\/div>\n\n\n\n<div class=\"wp-block-group alignwide\"><div class=\"wp-block-group__inner-container is-layout-constrained wp-block-group-is-layout-constrained\">\n<p class=\"is-style-sur-titre-artiste has-blanc-color has-text-color has-link-color wp-elements-8194f10749d569614759156d8a2f6fdb\">a regi\u00e3o de valois<\/p>\n\n\n\n<h3 class=\"wp-block-heading alignwide has-blanc-color has-text-color has-link-color has-60-px-font-size wp-elements-fc09a1bc0d0acbab548afda5fb164f76\">Uma terra de hist\u00f3ria, o Pays de Valois ostenta um patrim\u00f4nio excepcional que testemunha seu passado glorioso.<\/h3>\n<\/div><\/div>\n\n\n\n<div style=\"height:50px\" aria-hidden=\"true\" class=\"wp-block-spacer\"><\/div>\n<\/div><\/div>\n\n<figure class=\"wp-block-image alignfull size-large\"><img loading=\"lazy\" decoding=\"async\" width=\"1800\" height=\"559\" src=\"https:\/\/monumental-valois.com\/wp-content\/uploads\/2025\/02\/Mareuil-sur-ourcq-canal-de-l-ourcq-1800x559.jpg\" alt=\"Ciclovia\" class=\"wp-image-395\" srcset=\"https:\/\/monumental-valois.com\/wp-content\/uploads\/2025\/02\/Mareuil-sur-ourcq-canal-de-l-ourcq-1800x559.jpg 1800w, https:\/\/monumental-valois.com\/wp-content\/uploads\/2025\/02\/Mareuil-sur-ourcq-canal-de-l-ourcq-800x248.jpg 800w, https:\/\/monumental-valois.com\/wp-content\/uploads\/2025\/02\/Mareuil-sur-ourcq-canal-de-l-ourcq-768x239.jpg 768w, https:\/\/monumental-valois.com\/wp-content\/uploads\/2025\/02\/Mareuil-sur-ourcq-canal-de-l-ourcq-1536x477.jpg 1536w, https:\/\/monumental-valois.com\/wp-content\/uploads\/2025\/02\/Mareuil-sur-ourcq-canal-de-l-ourcq-2048x636.jpg 2048w, https:\/\/monumental-valois.com\/wp-content\/uploads\/2025\/02\/Mareuil-sur-ourcq-canal-de-l-ourcq-450x140.jpg 450w, https:\/\/monumental-valois.com\/wp-content\/uploads\/2025\/02\/Mareuil-sur-ourcq-canal-de-l-ourcq-1920x596.jpg 1920w\" sizes=\"auto, (max-width: 1800px) 100vw, 1800px\" \/><\/figure>\n\n<div style=\"height:100px\" aria-hidden=\"true\" class=\"wp-block-spacer\"><\/div>\n\n<div class=\"wp-block-group alignwide\"><div class=\"wp-block-group__inner-container is-layout-constrained wp-block-group-is-layout-constrained\">\n<div class=\"wp-block-columns alignwide are-vertically-aligned-bottom is-style-espace-60-px is-layout-flex wp-container-core-columns-is-layout-28f84493 wp-block-columns-is-layout-flex\">\n<div class=\"wp-block-column is-vertically-aligned-bottom is-layout-flow wp-block-column-is-layout-flow\">\n<figure class=\"wp-block-image size-full\"><img loading=\"lazy\" decoding=\"async\" width=\"700\" height=\"846\" src=\"https:\/\/monumental-valois.com\/wp-content\/uploads\/2025\/02\/Ermenonville-chateau-photo-Bruno-Cohen-CCPV.jpg\" alt=\"Castelo de Ermenonville\" class=\"wp-image-403\" srcset=\"https:\/\/monumental-valois.com\/wp-content\/uploads\/2025\/02\/Ermenonville-chateau-photo-Bruno-Cohen-CCPV.jpg 700w, https:\/\/monumental-valois.com\/wp-content\/uploads\/2025\/02\/Ermenonville-chateau-photo-Bruno-Cohen-CCPV-331x400.jpg 331w, https:\/\/monumental-valois.com\/wp-content\/uploads\/2025\/02\/Ermenonville-chateau-photo-Bruno-Cohen-CCPV-372x450.jpg 372w, https:\/\/monumental-valois.com\/wp-content\/uploads\/2025\/02\/Ermenonville-chateau-photo-Bruno-Cohen-CCPV-496x600.jpg 496w\" sizes=\"auto, (max-width: 700px) 100vw, 700px\" \/><\/figure>\n<\/div>\n\n\n\n<div class=\"wp-block-column is-vertically-aligned-bottom is-layout-flow wp-block-column-is-layout-flow\">\n<div class=\"wp-block-group is-style-largeur-max-370\"><div class=\"wp-block-group__inner-container is-layout-constrained wp-block-group-is-layout-constrained\">\n<p class=\"is-style-sur-titre-page\">a regi\u00e3o de valois<\/p>\n\n\n\n<h2 class=\"wp-block-heading has-36-px-font-size\">Um destino tur\u00edstico intocado<\/h2>\n\n\n\n<p>Al\u00e9m de seu patrim\u00f4nio, o Pays de Valois \u00e9 um destino tur\u00edstico atraente, oferecendo uma experi\u00eancia \u00fanica, protegida do desenvolvimento comercial excessivo. Perto de locais ic\u00f4nicos como Ermenonville, Mer de Sable, Parc Ast\u00e9rix, Chantilly, Senlis, Compi\u00e8gne e Pierrefonds, atrai visitantes em busca de cultura e natureza. <\/p>\n\n\n\n<p>O Ch\u00e2teau Fran\u00e7ois 1er e a Cit\u00e9 Internationale de la Langue Fran\u00e7aise na \u00e1rea de Retz-en-Valois e o Nord de l&#8217;Ourcq em Seine-et-Marne fazem parte de um complexo hist\u00f3rico &#8220;Valois&#8221; que est\u00e1 atraindo muito interesse.<\/p>\n<\/div><\/div>\n<\/div>\n<\/div>\n<\/div><\/div>\n\n<p><\/p>\n","protected":false},"excerpt":{"rendered":"<p>a regi\u00e3o de valois Uma posi\u00e7\u00e3o geogr\u00e1fica estrat\u00e9gica Sua posi\u00e7\u00e3o geogr\u00e1fica privilegiada, na porta de entrada para o norte da [&hellip;]<\/p>\n","protected":false},"author":1,"featured_media":2075,"parent":0,"menu_order":0,"comment_status":"closed","ping_status":"closed","template":"","meta":{"footnotes":""},"class_list":["post-2074","page","type-page","status-publish","has-post-thumbnail","hentry"],"_links":{"self":[{"href":"https:\/\/monumental-valois.com\/pt-br\/wp-json\/wp\/v2\/pages\/2074","targetHints":{"allow":["GET"]}}],"collection":[{"href":"https:\/\/monumental-valois.com\/pt-br\/wp-json\/wp\/v2\/pages"}],"about":[{"href":"https:\/\/monumental-valois.com\/pt-br\/wp-json\/wp\/v2\/types\/page"}],"author":[{"embeddable":true,"href":"https:\/\/monumental-valois.com\/pt-br\/wp-json\/wp\/v2\/users\/1"}],"replies":[{"embeddable":true,"href":"https:\/\/monumental-valois.com\/pt-br\/wp-json\/wp\/v2\/comments?post=2074"}],"version-history":[{"count":1,"href":"https:\/\/monumental-valois.com\/pt-br\/wp-json\/wp\/v2\/pages\/2074\/revisions"}],"predecessor-version":[{"id":2077,"href":"https:\/\/monumental-valois.com\/pt-br\/wp-json\/wp\/v2\/pages\/2074\/revisions\/2077"}],"wp:featuredmedia":[{"embeddable":true,"href":"https:\/\/monumental-valois.com\/pt-br\/wp-json\/wp\/v2\/media\/2075"}],"wp:attachment":[{"href":"https:\/\/monumental-valois.com\/pt-br\/wp-json\/wp\/v2\/media?parent=2074"}],"curies":[{"name":"wp","href":"https:\/\/api.w.org\/{rel}","templated":true}]}}

O Pays de Valois: uma área que combina natureza, história e patrimônio

<div class="wp-block-group alignwide"><div class="wp-block-group__inner-container is-layout-constrained wp-block-group-is-layout-constrained">
<div class="wp-block-columns alignwide is-style-espace-60-px is-layout-flex wp-container-core-columns-is-layout-28f84493 wp-block-columns-is-layout-flex">
<div class="wp-block-column is-vertically-aligned-bottom is-style-default is-layout-flow wp-block-column-is-layout-flow" style="flex-basis:34%"><div class="lazyblock-partager-la-page-yncXr wp-block-lazyblock-partager-la-page"> <div class="partage-single">
                        <p>Compartilhe esta página</p>
                        <div class="liens">
                            <a href="http://twitter.com/share?url=https%3A%2F%2Fmonumental-valois.com%2Fpt-br%2Fo-pays-de-valois-uma-area-que-combina-natureza-historia-e-patrimonio%2F" class="share-x" target="_blank" rel="nofollow" title="Compartilhar no X"></a>
                            <a href="http://www.facebook.com/sharer.php?u=https%3A%2F%2Fmonumental-valois.com%2Fpt-br%2Fo-pays-de-valois-uma-area-que-combina-natureza-historia-e-patrimonio%2F&#038;t=O+Pays+de+Valois%3A+uma+%C3%A1rea+que+combina+natureza%2C+hist%C3%B3ria+e+patrim%C3%B4nio&#038;src=sp" class="share-facebook" target="_blank" rel="nofollow" title="Compartilhar no Facebook">

                            </a>


                        </div>
                    </div></div>


<div style="height:250px" aria-hidden="true" class="wp-block-spacer"></div>



<p class="is-style-sur-titre-page">a região de valois</p>



<h2 class="wp-block-heading has-36-px-font-size">Uma posição geográfica estratégica</h2>



<p>Sua posição geográfica privilegiada, na porta de entrada para o norte da Europa e nas imediações de Paris, faz do Pays de Valois um cruzamento estratégico entre as regiões de Île-de-France e Hauts-de-France. Sua proximidade com o aeroporto Roissy-Charles de Gaulle aumenta sua atratividade, ao mesmo tempo em que preserva um ambiente de vida tranquilo e autêntico, longe da agitação da cidade. </p>
</div>



<div class="wp-block-column is-vertically-aligned-bottom is-layout-flow wp-block-column-is-layout-flow" style="flex-basis:66%">
<p>O Pays de Valois é uma área que combina harmoniosamente natureza, história e patrimônio. Localizada no coração da Bacia de Paris, compreende 62 comunas e abriga cerca de 57.000 habitantes. Essa área verde, banhada pelos rios Oise, Ourcq, Plaine de France e Soissonnais, oferece uma paisagem variada de florestas, planícies agrícolas e vilarejos pitorescos, geralmente dominados por uma igreja ou castelo.  </p>



<div style="height:100px" aria-hidden="true" class="wp-block-spacer"></div>



<figure class="wp-block-image size-full"><img loading="lazy" decoding="async" width="1100" height="824" src="https://monumental-valois.com/wp-content/uploads/2025/02/office-tourisme-valois.jpg" alt="Pa&#xED;s de Valois" class="wp-image-372" srcset="https://monumental-valois.com/wp-content/uploads/2025/02/office-tourisme-valois.jpg 1100w, https://monumental-valois.com/wp-content/uploads/2025/02/office-tourisme-valois-534x400.jpg 534w, https://monumental-valois.com/wp-content/uploads/2025/02/office-tourisme-valois-768x575.jpg 768w, https://monumental-valois.com/wp-content/uploads/2025/02/office-tourisme-valois-450x337.jpg 450w, https://monumental-valois.com/wp-content/uploads/2025/02/office-tourisme-valois-801x600.jpg 801w" sizes="auto, (max-width: 1100px) 100vw, 1100px" /></figure>
</div>
</div>
</div></div>

<div style="height:100px" aria-hidden="true" class="wp-block-spacer"></div>

<div class="wp-block-group alignwide"><div class="wp-block-group__inner-container is-layout-constrained wp-block-group-is-layout-constrained">
<div class="wp-block-columns alignwide are-vertically-aligned-bottom is-style-espace-60-px is-layout-flex wp-container-core-columns-is-layout-28f84493 wp-block-columns-is-layout-flex">
<div class="wp-block-column is-vertically-aligned-bottom is-layout-flow wp-block-column-is-layout-flow">
<figure class="wp-block-image size-full"><img loading="lazy" decoding="async" width="900" height="900" src="https://monumental-valois.com/wp-content/uploads/2025/02/chapelle.jpg" alt="Pa&#xED;s de Valois" class="wp-image-380" srcset="https://monumental-valois.com/wp-content/uploads/2025/02/chapelle.jpg 900w, https://monumental-valois.com/wp-content/uploads/2025/02/chapelle-400x400.jpg 400w, https://monumental-valois.com/wp-content/uploads/2025/02/chapelle-300x300.jpg 300w, https://monumental-valois.com/wp-content/uploads/2025/02/chapelle-768x768.jpg 768w, https://monumental-valois.com/wp-content/uploads/2025/02/chapelle-450x450.jpg 450w, https://monumental-valois.com/wp-content/uploads/2025/02/chapelle-600x600.jpg 600w" sizes="auto, (max-width: 900px) 100vw, 900px" /></figure>
</div>



<div class="wp-block-column is-vertically-aligned-bottom is-layout-flow wp-block-column-is-layout-flow">
<div class="wp-block-group is-style-largeur-max-370"><div class="wp-block-group__inner-container is-layout-constrained wp-block-group-is-layout-constrained">
<p class="is-style-sur-titre-page">a região de valois</p>



<h2 class="wp-block-heading has-36-px-font-size">Um legado histórico</h2>



<p>Uma terra de história, o Pays de Valois ostenta um patrimônio excepcional que testemunha seu passado glorioso, especialmente como berço da Casa de Valois. Seus castelos e igrejas históricos contam a história da herança real e arquitetônica de uma região que viu grandes dinastias nascerem e florescerem. </p>
</div></div>
</div>
</div>
</div></div>

<div style="height:100px" aria-hidden="true" class="wp-block-spacer"></div>
<div class="lazyblock-carte-home-page-2-Z75Ce8 alignfull alignfull  wp-block-lazyblock-carte-home-page-2"> <div class="carte-page-single">
  <div class="la-carte" id="map-home">
    
  </div>
</div></div>
<div class="wp-block-group alignfull has-noir-background-color has-background"><div class="wp-block-group__inner-container is-layout-constrained wp-block-group-is-layout-constrained">
<div style="height:50px" aria-hidden="true" class="wp-block-spacer"></div>



<div class="wp-block-group alignwide"><div class="wp-block-group__inner-container is-layout-constrained wp-block-group-is-layout-constrained">
<p class="is-style-sur-titre-artiste has-blanc-color has-text-color has-link-color wp-elements-8194f10749d569614759156d8a2f6fdb">a região de valois</p>



<h3 class="wp-block-heading alignwide has-blanc-color has-text-color has-link-color has-60-px-font-size wp-elements-fc09a1bc0d0acbab548afda5fb164f76">Uma terra de história, o Pays de Valois ostenta um patrimônio excepcional que testemunha seu passado glorioso.</h3>
</div></div>



<div style="height:50px" aria-hidden="true" class="wp-block-spacer"></div>
</div></div>

<figure class="wp-block-image alignfull size-large"><img loading="lazy" decoding="async" width="1800" height="559" src="https://monumental-valois.com/wp-content/uploads/2025/02/Mareuil-sur-ourcq-canal-de-l-ourcq-1800x559.jpg" alt="Ciclovia" class="wp-image-395" srcset="https://monumental-valois.com/wp-content/uploads/2025/02/Mareuil-sur-ourcq-canal-de-l-ourcq-1800x559.jpg 1800w, https://monumental-valois.com/wp-content/uploads/2025/02/Mareuil-sur-ourcq-canal-de-l-ourcq-800x248.jpg 800w, https://monumental-valois.com/wp-content/uploads/2025/02/Mareuil-sur-ourcq-canal-de-l-ourcq-768x239.jpg 768w, https://monumental-valois.com/wp-content/uploads/2025/02/Mareuil-sur-ourcq-canal-de-l-ourcq-1536x477.jpg 1536w, https://monumental-valois.com/wp-content/uploads/2025/02/Mareuil-sur-ourcq-canal-de-l-ourcq-2048x636.jpg 2048w, https://monumental-valois.com/wp-content/uploads/2025/02/Mareuil-sur-ourcq-canal-de-l-ourcq-450x140.jpg 450w, https://monumental-valois.com/wp-content/uploads/2025/02/Mareuil-sur-ourcq-canal-de-l-ourcq-1920x596.jpg 1920w" sizes="auto, (max-width: 1800px) 100vw, 1800px" /></figure>

<div style="height:100px" aria-hidden="true" class="wp-block-spacer"></div>

<div class="wp-block-group alignwide"><div class="wp-block-group__inner-container is-layout-constrained wp-block-group-is-layout-constrained">
<div class="wp-block-columns alignwide are-vertically-aligned-bottom is-style-espace-60-px is-layout-flex wp-container-core-columns-is-layout-28f84493 wp-block-columns-is-layout-flex">
<div class="wp-block-column is-vertically-aligned-bottom is-layout-flow wp-block-column-is-layout-flow">
<figure class="wp-block-image size-full"><img loading="lazy" decoding="async" width="700" height="846" src="https://monumental-valois.com/wp-content/uploads/2025/02/Ermenonville-chateau-photo-Bruno-Cohen-CCPV.jpg" alt="Castelo de Ermenonville" class="wp-image-403" srcset="https://monumental-valois.com/wp-content/uploads/2025/02/Ermenonville-chateau-photo-Bruno-Cohen-CCPV.jpg 700w, https://monumental-valois.com/wp-content/uploads/2025/02/Ermenonville-chateau-photo-Bruno-Cohen-CCPV-331x400.jpg 331w, https://monumental-valois.com/wp-content/uploads/2025/02/Ermenonville-chateau-photo-Bruno-Cohen-CCPV-372x450.jpg 372w, https://monumental-valois.com/wp-content/uploads/2025/02/Ermenonville-chateau-photo-Bruno-Cohen-CCPV-496x600.jpg 496w" sizes="auto, (max-width: 700px) 100vw, 700px" /></figure>
</div>



<div class="wp-block-column is-vertically-aligned-bottom is-layout-flow wp-block-column-is-layout-flow">
<div class="wp-block-group is-style-largeur-max-370"><div class="wp-block-group__inner-container is-layout-constrained wp-block-group-is-layout-constrained">
<p class="is-style-sur-titre-page">a região de valois</p>



<h2 class="wp-block-heading has-36-px-font-size">Um destino turístico intocado</h2>



<p>Além de seu patrimônio, o Pays de Valois é um destino turístico atraente, oferecendo uma experiência única, protegida do desenvolvimento comercial excessivo. Perto de locais icônicos como Ermenonville, Mer de Sable, Parc Astérix, Chantilly, Senlis, Compiègne e Pierrefonds, atrai visitantes em busca de cultura e natureza. </p>



<p>O Château François 1er e a Cité Internationale de la Langue Française na área de Retz-en-Valois e o Nord de l&#8217;Ourcq em Seine-et-Marne fazem parte de um complexo histórico &#8220;Valois&#8221; que está atraindo muito interesse.</p>
</div></div>
</div>
</div>
</div></div>

<p></p>

<p>a região de valois Uma posição geográfica estratégica Sua posição geográfica privilegiada, na porta de entrada para o norte da [&hellip;]</p>
